{"id":77,"date":"2017-06-21T06:49:54","date_gmt":"2017-06-21T06:49:54","guid":{"rendered":"http:\/\/ajmasquefa.atotarreu.com\/benestar-social\/?page_id=77"},"modified":"2018-01-19T15:38:15","modified_gmt":"2018-01-19T14:38:15","slug":"programa-darranjament","status":"publish","type":"page","link":"http:\/\/masquefa.cat\/benestar-social\/programa-darranjament\/","title":{"rendered":"Programa d&#8217;Arranjament"},"content":{"rendered":"<section class=\"wpb-content-wrapper\"><p>[vc_row margin_top=&#8221;100&#8243; margin_bottom=&#8221;100&#8243; el_class=&#8221;seccio&#8221;][vc_column][vc_single_image image=&#8221;236&#8243; img_size=&#8221;full&#8221; alignment=&#8221;center&#8221;][vc_row_inner][vc_column_inner][vc_column_text el_class=&#8221;seccio-text&#8221;]El Programa d&#8217;Arranjament d&#8217;Habitatges neix amb l&#8217;objectiu de millorar les condicions d&#8217;accessibilitat, seguretat, higiene, habitabilitat, i d&#8217;efici\u00e8ncia energ\u00e8tica m\u00ednimes dels habitatges objecte de les intervencions.<\/p>\n<p>Es tracta de petites reformes b\u00e0siques en els habitatges que incrementen l&#8217;autonomia i la qualitat de vida de les persones benefici\u00e0ries en els seus domicilis.<\/p>\n<p><strong>Qui ho pot demanar?<\/strong> Tota la poblaci\u00f3.<\/p>\n<p><strong>Persones destinat\u00e0ries:<\/strong><\/p>\n<p>Les persones sol\u00b7licitants del programa seran persones proposades pels serveis socials municipals, i que es trobin en situaci\u00f3 de fragilitat per q\u00fcestions d&#8217;edat, salut i\/o manca d&#8217;autonomia personal, discapacitat i\/o depend\u00e8ncia o en situaci\u00f3 de vulnerabilitat en ser persones que viuen soles o amb una altra persona gran. Les persones benefici\u00e0ries seran totes aquelles que conformin la unitat de conviv\u00e8ncia de la llar.<\/p>\n<p>Preferentment, les persones sol\u00b7licitants del programa hauran de ser aquelles que es trobin en alguna de les seg\u00fcents situacions:<\/p>\n<ul>\n<li>Persones amb dificultats per realitzar les activitats de la vida di\u00e0ria.<\/li>\n<li>Persones que tinguin acreditada la seva condici\u00f3 de discapacitat i\/o estiguin en situaci\u00f3 de depend\u00e8ncia.<\/li>\n<li>Persones majors de vuitanta anys que visquin soles o amb una altra persona gran.<\/li>\n<\/ul>\n<p>[\/vc_column_text][\/vc_column_inner][\/vc_row_inner][\/vc_column][\/vc_row]<\/p>\n<\/section>","protected":false},"excerpt":{"rendered":"<p>[vc_row margin_top=&#8221;100&#8243; margin_bottom=&#8221;100&#8243; el_class=&#8221;seccio&#8221;][vc_column][vc_single_image image=&#8221;236&#8243; img_size=&#8221;full&#8221; alignment=&#8221;center&#8221;][vc_row_inner][vc_column_inner][vc_column_text el_class=&#8221;seccio-text&#8221;]El Programa d&#8217;Arranjament d&#8217;Habitatges neix amb l&#8217;objectiu de millorar les condicions d&#8217;accessibilitat, seguretat, higiene, habitabilitat, i d&#8217;efici\u00e8ncia energ\u00e8tica m\u00ednimes dels habitatges objecte de les intervencions. Es tracta de petites reformes b\u00e0siques en els habitatges que incrementen l&#8217;autonomia i la qualitat de vida de les persones benefici\u00e0ries en els&hellip;<\/p>\n","protected":false},"author":1,"featured_media":0,"parent":0,"menu_order":0,"comment_status":"closed","ping_status":"closed","template":"","meta":[],"_links":{"self":[{"href":"http:\/\/masquefa.cat\/benestar-social\/wp-json\/wp\/v2\/pages\/77"}],"collection":[{"href":"http:\/\/masquefa.cat\/benestar-social\/wp-json\/wp\/v2\/pages"}],"about":[{"href":"http:\/\/masquefa.cat\/benestar-social\/wp-json\/wp\/v2\/types\/page"}],"author":[{"embeddable":true,"href":"http:\/\/masquefa.cat\/benestar-social\/wp-json\/wp\/v2\/users\/1"}],"replies":[{"embeddable":true,"href":"http:\/\/masquefa.cat\/benestar-social\/wp-json\/wp\/v2\/comments?post=77"}],"version-history":[{"count":5,"href":"http:\/\/masquefa.cat\/benestar-social\/wp-json\/wp\/v2\/pages\/77\/revisions"}],"predecessor-version":[{"id":289,"href":"http:\/\/masquefa.cat\/benestar-social\/wp-json\/wp\/v2\/pages\/77\/revisions\/289"}],"wp:attachment":[{"href":"http:\/\/masquefa.cat\/benestar-social\/wp-json\/wp\/v2\/media?parent=77"}],"curies":[{"name":"wp","href":"https:\/\/api.w.org\/{rel}","templated":true}]}}