{"id":81,"date":"2017-06-21T07:19:59","date_gmt":"2017-06-21T07:19:59","guid":{"rendered":"http:\/\/ajmasquefa.atotarreu.com\/benestar-social\/?page_id=81"},"modified":"2023-04-03T12:32:41","modified_gmt":"2023-04-03T10:32:41","slug":"servei-local-de-teleassistencia","status":"publish","type":"page","link":"http:\/\/masquefa.cat\/benestar-social\/servei-local-de-teleassistencia\/","title":{"rendered":"Servei local de Teleassist\u00e8ncia"},"content":{"rendered":"<section class=\"wpb-content-wrapper\"><p>[vc_row margin_top=&#8221;100&#8243; margin_bottom=&#8221;100&#8243; el_class=&#8221;seccio&#8221;][vc_column][vc_single_image image=&#8221;440&#8243; img_size=&#8221;full&#8221; alignment=&#8221;center&#8221;][vc_row_inner][vc_column_inner][vc_column_text el_class=&#8221;seccio-text&#8221;]La teleassist\u00e8ncia t\u00e9 un enfocament universal per\u00f2 s\u00f3n destinat\u00e0ries principals les persones grans i\/o amb manca d&#8217;autonomia personal, que viuen soles permanentment o durant gran part del dia, o b\u00e9 que viuen amb altres persones que presenten id\u00e8ntiques caracter\u00edstiques d&#8217;edat o fragilitat.<\/p>\n<p><strong>Qui ho pot demanar?:<\/strong><\/p>\n<p>El servei s&#8217;adre\u00e7a a la poblaci\u00f3 en general, per\u00f2 principalment es prioritzen persones amb les seg\u00fcents caracter\u00edstiques:<\/p>\n<ul>\n<li>Ser major de 80 anys<\/li>\n<li>Patir malalties cr\u00f2niques<\/li>\n<li>Viure sol i\/o tenir manca de xarxa social i\/o familiar<\/li>\n<li>Tenir dificultats de mobilitat i\/o risc de patir caigudes freq\u00fcents<\/li>\n<\/ul>\n<p>[\/vc_column_text][\/vc_column_inner][\/vc_row_inner][\/vc_column][\/vc_row]<\/p>\n<\/section>","protected":false},"excerpt":{"rendered":"<p>[vc_row margin_top=&#8221;100&#8243; margin_bottom=&#8221;100&#8243; el_class=&#8221;seccio&#8221;][vc_column][vc_single_image image=&#8221;440&#8243; img_size=&#8221;full&#8221; alignment=&#8221;center&#8221;][vc_row_inner][vc_column_inner][vc_column_text el_class=&#8221;seccio-text&#8221;]La teleassist\u00e8ncia t\u00e9 un enfocament universal per\u00f2 s\u00f3n destinat\u00e0ries principals les persones grans i\/o amb manca d&#8217;autonomia personal, que viuen soles permanentment o durant gran part del dia, o b\u00e9 que viuen amb altres persones que presenten id\u00e8ntiques caracter\u00edstiques d&#8217;edat o fragilitat. Qui ho pot demanar?: El servei&hellip;<\/p>\n","protected":false},"author":1,"featured_media":0,"parent":0,"menu_order":0,"comment_status":"closed","ping_status":"closed","template":"","meta":[],"_links":{"self":[{"href":"http:\/\/masquefa.cat\/benestar-social\/wp-json\/wp\/v2\/pages\/81"}],"collection":[{"href":"http:\/\/masquefa.cat\/benestar-social\/wp-json\/wp\/v2\/pages"}],"about":[{"href":"http:\/\/masquefa.cat\/benestar-social\/wp-json\/wp\/v2\/types\/page"}],"author":[{"embeddable":true,"href":"http:\/\/masquefa.cat\/benestar-social\/wp-json\/wp\/v2\/users\/1"}],"replies":[{"embeddable":true,"href":"http:\/\/masquefa.cat\/benestar-social\/wp-json\/wp\/v2\/comments?post=81"}],"version-history":[{"count":2,"href":"http:\/\/masquefa.cat\/benestar-social\/wp-json\/wp\/v2\/pages\/81\/revisions"}],"predecessor-version":[{"id":441,"href":"http:\/\/masquefa.cat\/benestar-social\/wp-json\/wp\/v2\/pages\/81\/revisions\/441"}],"wp:attachment":[{"href":"http:\/\/masquefa.cat\/benestar-social\/wp-json\/wp\/v2\/media?parent=81"}],"curies":[{"name":"wp","href":"https:\/\/api.w.org\/{rel}","templated":true}]}}