{"id":15581,"date":"2019-01-23T10:27:38","date_gmt":"2019-01-23T09:27:38","guid":{"rendered":"http:\/\/masquefa.cat\/oficina-atencio-vilata\/?page_id=15581"},"modified":"2025-07-14T13:49:52","modified_gmt":"2025-07-14T11:49:52","slug":"arxiu-municipal","status":"publish","type":"page","link":"http:\/\/masquefa.cat\/oficina-atencio-vilata\/arxiu-municipal\/","title":{"rendered":"Arxiu Municipal"},"content":{"rendered":"<section class=\"wpb-content-wrapper\"><p>[vc_row margin_top=&#8221;100&#8243; margin_bottom=&#8221;100&#8243; el_class=&#8221;centre-de-dia&#8221; css=&#8221;.vc_custom_1497269626709{margin-bottom: 100px !important;}&#8221;][vc_column]\n<ul class=\"slider-simple shortcode-photo-slider photoSlider\" data-width=\"823\" data-height=\"551\" data-autoslide=\"4000\" data-paused=\"false\" style=\"width: 100%\" data-img-mode=\"fill\">\n\t<li>\n\t\t<img class=\"preload-me\" src=\"https:\/\/ajmasquefa-multimedia-wp.s3.eu-central-1.amazonaws.com\/wp-content\/uploads\/sites\/2\/2019\/01\/15103212\/02-scaled.jpg\" srcset=\"https:\/\/ajmasquefa-multimedia-wp.s3.eu-central-1.amazonaws.com\/wp-content\/uploads\/sites\/2\/2019\/01\/15103212\/02-scaled.jpg 2560w\" width=\"2560\" height=\"1920\"  alt=\"\"  \/>\n\t\t<div class=\"slider-post-caption\">\n\t\t\t<div class=\"slider-post-inner\">\n\t\t\t\t<h4>02<\/h4>\n\t\t\t<\/div>\n\t\t<\/div><\/li>\n\t<li>\n\t\t<img class=\"preload-me\" src=\"https:\/\/ajmasquefa-multimedia-wp.s3.eu-central-1.amazonaws.com\/wp-content\/uploads\/sites\/2\/2019\/01\/15103216\/03-scaled.jpg\" srcset=\"https:\/\/ajmasquefa-multimedia-wp.s3.eu-central-1.amazonaws.com\/wp-content\/uploads\/sites\/2\/2019\/01\/15103216\/03-scaled.jpg 2560w\" width=\"2560\" height=\"1920\"  alt=\"\"  \/>\n\t\t<div class=\"slider-post-caption\">\n\t\t\t<div class=\"slider-post-inner\">\n\t\t\t\t<h4>03<\/h4>\n\t\t\t<\/div>\n\t\t<\/div><\/li>\n\t<li>\n\t\t<img class=\"preload-me\" src=\"https:\/\/ajmasquefa-multimedia-wp.s3.eu-central-1.amazonaws.com\/wp-content\/uploads\/sites\/2\/2019\/01\/15103220\/05-scaled.jpg\" srcset=\"https:\/\/ajmasquefa-multimedia-wp.s3.eu-central-1.amazonaws.com\/wp-content\/uploads\/sites\/2\/2019\/01\/15103220\/05-scaled.jpg 2560w\" width=\"2560\" height=\"1920\"  alt=\"\"  \/>\n\t\t<div class=\"slider-post-caption\">\n\t\t\t<div class=\"slider-post-inner\">\n\t\t\t\t<h4>05<\/h4>\n\t\t\t<\/div>\n\t\t<\/div><\/li>\n\t<li>\n\t\t<img class=\"preload-me\" src=\"https:\/\/ajmasquefa-multimedia-wp.s3.eu-central-1.amazonaws.com\/wp-content\/uploads\/sites\/2\/2019\/01\/15103225\/01-scaled.jpg\" srcset=\"https:\/\/ajmasquefa-multimedia-wp.s3.eu-central-1.amazonaws.com\/wp-content\/uploads\/sites\/2\/2019\/01\/15103225\/01-scaled.jpg 2560w\" width=\"2560\" height=\"1920\"  alt=\"\"  \/>\n\t\t<div class=\"slider-post-caption\">\n\t\t\t<div class=\"slider-post-inner\">\n\t\t\t\t<h4>01<\/h4>\n\t\t\t<\/div>\n\t\t<\/div><\/li><\/ul>[vc_row_inner][vc_column_inner][vc_empty_space height=&#8221;10px&#8221;][vc_column_text el_class=&#8221;centre-de-dia-text&#8221;]L\u2019Arxiu Municipal de Masquefa (AMMAS) \u00e9s el responsable de conservar, classificar, organitzar i difondre la documentaci\u00f3 de l\u2019Ajuntament i d\u2019altres fons del municipi.<\/p>\n<p>L\u2019Arxiu ha de vetllar per la protecci\u00f3, recuperaci\u00f3 i difusi\u00f3 de tot aquest patrimoni al temps que col\u00b7labora en una gesti\u00f3 administrativa transparent i efica\u00e7 i garanteix el dret d\u2019acc\u00e9s a la informaci\u00f3 de la ciutadania.<\/p>\n<p>El Servei d\u2019Arxiu Municipal (SAM) de Masquefa, \u00e9s el servei que s&#8217;encarrega de la gesti\u00f3, el tractament, l&#8217;organitzaci\u00f3, la conservaci\u00f3 i la difusi\u00f3 de tota la documentaci\u00f3 que genera l&#8217;Ajuntament en l&#8217;exercici de les seves funcions i compet\u00e8ncies.<\/p>\n<p>El SAM tamb\u00e9 s&#8217;ocupa de la documentaci\u00f3 de les persones f\u00edsiques o jur\u00eddiques que han fet donacions o cessions dels seus fons, per tal de posar-la a l&#8217;abast de la poblaci\u00f3.<\/p>\n<p><a href=\"https:\/\/seu-e.cat\/ca\/web\/masquefa\/govern-obert-i-transparencia\/accio-de-govern-i-normativa\/normativa-plans-i-programes\/ordenances-reguladores-i-reglaments\">Regulacions i Ordenances<\/a>[\/vc_column_text][\/vc_column_inner][\/vc_row_inner][\/vc_column][\/vc_row]<\/p>\n<\/section>","protected":false},"excerpt":{"rendered":"<p>[vc_row margin_top=&#8221;100&#8243; margin_bottom=&#8221;100&#8243; el_class=&#8221;centre-de-dia&#8221; css=&#8221;.vc_custom_1497269626709{margin-bottom: 100px !important;}&#8221;][vc_column][vc_row_inner][vc_column_inner][vc_empty_space height=&#8221;10px&#8221;][vc_column_text el_class=&#8221;centre-de-dia-text&#8221;]L\u2019Arxiu Municipal de Masquefa (AMMAS) \u00e9s el responsable de conservar, classificar, organitzar i difondre la documentaci\u00f3 de l\u2019Ajuntament i d\u2019altres fons del municipi. L\u2019Arxiu ha de vetllar per la protecci\u00f3, recuperaci\u00f3 i difusi\u00f3 de tot aquest patrimoni al temps que col\u00b7labora en una gesti\u00f3 administrativa transparent i&hellip;<\/p>\n","protected":false},"author":1,"featured_media":0,"parent":0,"menu_order":0,"comment_status":"closed","ping_status":"closed","template":"","meta":[],"_links":{"self":[{"href":"http:\/\/masquefa.cat\/oficina-atencio-vilata\/wp-json\/wp\/v2\/pages\/15581"}],"collection":[{"href":"http:\/\/masquefa.cat\/oficina-atencio-vilata\/wp-json\/wp\/v2\/pages"}],"about":[{"href":"http:\/\/masquefa.cat\/oficina-atencio-vilata\/wp-json\/wp\/v2\/types\/page"}],"author":[{"embeddable":true,"href":"http:\/\/masquefa.cat\/oficina-atencio-vilata\/wp-json\/wp\/v2\/users\/1"}],"replies":[{"embeddable":true,"href":"http:\/\/masquefa.cat\/oficina-atencio-vilata\/wp-json\/wp\/v2\/comments?post=15581"}],"version-history":[{"count":9,"href":"http:\/\/masquefa.cat\/oficina-atencio-vilata\/wp-json\/wp\/v2\/pages\/15581\/revisions"}],"predecessor-version":[{"id":16038,"href":"http:\/\/masquefa.cat\/oficina-atencio-vilata\/wp-json\/wp\/v2\/pages\/15581\/revisions\/16038"}],"wp:attachment":[{"href":"http:\/\/masquefa.cat\/oficina-atencio-vilata\/wp-json\/wp\/v2\/media?parent=15581"}],"curies":[{"name":"wp","href":"https:\/\/api.w.org\/{rel}","templated":true}]}}