{"id":83,"date":"2017-06-21T07:28:51","date_gmt":"2017-06-21T07:28:51","guid":{"rendered":"http:\/\/ajmasquefa.atotarreu.com\/benestar-social\/?page_id=83"},"modified":"2017-11-27T15:48:18","modified_gmt":"2017-11-27T14:48:18","slug":"atencio-a-la-infancia-i-adolescencia-en-risc","status":"publish","type":"page","link":"https:\/\/masquefa.cat\/benestar-social\/atencio-a-la-infancia-i-adolescencia-en-risc\/","title":{"rendered":"Atenci\u00f3 a la inf\u00e0ncia i adolesc\u00e8ncia en risc"},"content":{"rendered":"<section class=\"wpb-content-wrapper\"><p>[vc_row margin_top=&#8221;100&#8243; margin_bottom=&#8221;100&#8243; el_class=&#8221;seccio&#8221;][vc_column][vc_single_image image=&#8221;230&#8243; img_size=&#8221;full&#8221; alignment=&#8221;center&#8221;][vc_row_inner][vc_column_inner][vc_column_text el_class=&#8221;seccio-text&#8221;]La\u00a0Llei\u00a0dels drets i les oportunitats en la inf\u00e0ncia i l&#8217;adolesc\u00e8ncia indica l&#8217;inter\u00e8s superior de l&#8217;infant o l&#8217;adolescent constitueix el principi b\u00e0sic de tot el dret relatiu a aquestes persones, i en els \u00faltims anys s&#8217;ha confirmat com un dels principis essencials del dret modern de la persona i la fam\u00edlia, i condiciona\u00a0 totes les mesures que adoptin les institucions p\u00fabliques o privades de benestar social, els tribunals, les autoritats administratives o els \u00f2rgans legislatius.<\/p>\n<p>Els serveis socials municipals, amb l&#8217;objectiu\u00a0 de garantir\u00a0 els drets dels infants i adolescents,\u00a0 constitueixen la porta d&#8217;entrada dels sistema de protecci\u00f3\u00a0\u00a0 i correspon als serveis socials b\u00e0sics\u00a0 la funci\u00f3 d&#8217;intervenir en les situacions de risc dins l&#8217;entorn familiar i social<\/p>\n<p><strong>Qui ho pot demanar?<\/strong>: Tota les fam\u00edlies, infants i joves del Municipi.[\/vc_column_text][\/vc_column_inner][\/vc_row_inner][\/vc_column][\/vc_row]<\/p>\n<\/section>","protected":false},"excerpt":{"rendered":"<p>[vc_row margin_top=&#8221;100&#8243; margin_bottom=&#8221;100&#8243; el_class=&#8221;seccio&#8221;][vc_column][vc_single_image image=&#8221;230&#8243; img_size=&#8221;full&#8221; alignment=&#8221;center&#8221;][vc_row_inner][vc_column_inner][vc_column_text el_class=&#8221;seccio-text&#8221;]La\u00a0Llei\u00a0dels drets i les oportunitats en la inf\u00e0ncia i l&#8217;adolesc\u00e8ncia indica l&#8217;inter\u00e8s superior de l&#8217;infant o l&#8217;adolescent constitueix el principi b\u00e0sic de tot el dret relatiu a aquestes persones, i en els \u00faltims anys s&#8217;ha confirmat com un dels principis essencials del dret modern de la persona i&hellip;<\/p>\n","protected":false},"author":1,"featured_media":0,"parent":0,"menu_order":0,"comment_status":"closed","ping_status":"closed","template":"","meta":[],"_links":{"self":[{"href":"https:\/\/masquefa.cat\/benestar-social\/wp-json\/wp\/v2\/pages\/83"}],"collection":[{"href":"https:\/\/masquefa.cat\/benestar-social\/wp-json\/wp\/v2\/pages"}],"about":[{"href":"https:\/\/masquefa.cat\/benestar-social\/wp-json\/wp\/v2\/types\/page"}],"author":[{"embeddable":true,"href":"https:\/\/masquefa.cat\/benestar-social\/wp-json\/wp\/v2\/users\/1"}],"replies":[{"embeddable":true,"href":"https:\/\/masquefa.cat\/benestar-social\/wp-json\/wp\/v2\/comments?post=83"}],"version-history":[{"count":4,"href":"https:\/\/masquefa.cat\/benestar-social\/wp-json\/wp\/v2\/pages\/83\/revisions"}],"predecessor-version":[{"id":231,"href":"https:\/\/masquefa.cat\/benestar-social\/wp-json\/wp\/v2\/pages\/83\/revisions\/231"}],"wp:attachment":[{"href":"https:\/\/masquefa.cat\/benestar-social\/wp-json\/wp\/v2\/media?parent=83"}],"curies":[{"name":"wp","href":"https:\/\/api.w.org\/{rel}","templated":true}]}}

Atenció a la infància i adolescència en risc

<section class="wpb-content-wrapper"><p>[vc_row margin_top=&#8221;100&#8243; margin_bottom=&#8221;100&#8243; el_class=&#8221;seccio&#8221;][vc_column][vc_single_image image=&#8221;230&#8243; img_size=&#8221;full&#8221; alignment=&#8221;center&#8221;][vc_row_inner][vc_column_inner][vc_column_text el_class=&#8221;seccio-text&#8221;]La Llei dels drets i les oportunitats en la infància i l&#8217;adolescència indica l&#8217;interès superior de l&#8217;infant o l&#8217;adolescent constitueix el principi bàsic de tot el dret relatiu a aquestes persones, i en els últims anys s&#8217;ha confirmat com un dels principis essencials del dret modern de la persona i la família, i condiciona  totes les mesures que adoptin les institucions públiques o privades de benestar social, els tribunals, les autoritats administratives o els òrgans legislatius.</p>
<p>Els serveis socials municipals, amb l&#8217;objectiu  de garantir  els drets dels infants i adolescents,  constitueixen la porta d&#8217;entrada dels sistema de protecció   i correspon als serveis socials bàsics  la funció d&#8217;intervenir en les situacions de risc dins l&#8217;entorn familiar i social</p>
<p><strong>Qui ho pot demanar?</strong>: Tota les famílies, infants i joves del Municipi.[/vc_column_text][/vc_column_inner][/vc_row_inner][/vc_column][/vc_row]</p>
</section>

<p>[vc_row margin_top=&#8221;100&#8243; margin_bottom=&#8221;100&#8243; el_class=&#8221;seccio&#8221;][vc_column][vc_single_image image=&#8221;230&#8243; img_size=&#8221;full&#8221; alignment=&#8221;center&#8221;][vc_row_inner][vc_column_inner][vc_column_text el_class=&#8221;seccio-text&#8221;]La Llei dels drets i les oportunitats en la infància i l&#8217;adolescència indica l&#8217;interès superior de l&#8217;infant o l&#8217;adolescent constitueix el principi bàsic de tot el dret relatiu a aquestes persones, i en els últims anys s&#8217;ha confirmat com un dels principis essencials del dret modern de la persona i&hellip;</p>
