{"version":"1.0","provider_name":"Not\u00edcies de l&#039;Ajuntament de la Vila de Masquefa","provider_url":"https:\/\/masquefa.cat\/noticies","author_name":"Ajuntament de Masquefa","author_url":"https:\/\/masquefa.cat\/noticies\/author\/noticies\/","title":"El curs 2018-19 arrencar\u00e0 amb instal\u00b7lacions millorades - Not\u00edcies de l&#039;Ajuntament de la Vila de Masquefa","type":"rich","width":600,"height":338,"html":"<blockquote class=\"wp-embedded-content\" data-secret=\"ov49JlB2iL\"><a href=\"https:\/\/masquefa.cat\/noticies\/el-curs-2018-19-arrencara-amb-instal%e2%80%a2lacions-millorades\/\">El curs 2018-19 arrencar\u00e0 amb instal\u00b7lacions millorades<\/a><\/blockquote><iframe sandbox=\"allow-scripts\" security=\"restricted\" src=\"https:\/\/masquefa.cat\/noticies\/el-curs-2018-19-arrencara-amb-instal%e2%80%a2lacions-millorades\/embed\/#?secret=ov49JlB2iL\" width=\"600\" height=\"338\" title=\"&#8220;El curs 2018-19 arrencar\u00e0 amb instal\u00b7lacions millorades&#8221; &#8212; Not\u00edcies de l&#039;Ajuntament de la Vila de Masquefa\" data-secret=\"ov49JlB2iL\" frameborder=\"0\" marginwidth=\"0\" marginheight=\"0\" scrolling=\"no\" class=\"wp-embedded-content\"><\/iframe><script type=\"text\/javascript\">\n\/*! This file is auto-generated *\/\n!function(c,d){\"use strict\";var e=!1,o=!1;if(d.querySelector)if(c.addEventListener)e=!0;if(c.wp=c.wp||{},c.wp.receiveEmbedMessage);else if(c.wp.receiveEmbedMessage=function(e){var t=e.data;if(!t);else if(!(t.secret||t.message||t.value));else if(\/[^a-zA-Z0-9]\/.test(t.secret));else{for(var r,s,a,i=d.querySelectorAll('iframe[data-secret=\"'+t.secret+'\"]'),n=d.querySelectorAll('blockquote[data-secret=\"'+t.secret+'\"]'),o=new RegExp(\"^https?:$\",\"i\"),l=0;l<n.length;l++)n[l].style.display=\"none\";for(l=0;l<i.length;l++)if(r=i[l],e.source!==r.contentWindow);else{if(r.removeAttribute(\"style\"),\"height\"===t.message){if(1e3<(s=parseInt(t.value,10)))s=1e3;else if(~~s<200)s=200;r.height=s}if(\"link\"===t.message)if(s=d.createElement(\"a\"),a=d.createElement(\"a\"),s.href=r.getAttribute(\"src\"),a.href=t.value,!o.test(a.protocol));else if(a.host===s.host)if(d.activeElement===r)c.top.location.href=t.value}}},e)c.addEventListener(\"message\",c.wp.receiveEmbedMessage,!1),d.addEventListener(\"DOMContentLoaded\",t,!1),c.addEventListener(\"load\",t,!1);function t(){if(o);else{o=!0;for(var e,t,r,s=-1!==navigator.appVersion.indexOf(\"MSIE 10\"),a=!!navigator.userAgent.match(\/Trident.*rv:11\\.\/),i=d.querySelectorAll(\"iframe.wp-embedded-content\"),n=0;n<i.length;n++){if(!(r=(t=i[n]).getAttribute(\"data-secret\")))r=Math.random().toString(36).substr(2,10),t.src+=\"#?secret=\"+r,t.setAttribute(\"data-secret\",r);if(s||a)(e=t.cloneNode(!0)).removeAttribute(\"security\"),t.parentNode.replaceChild(e,t);t.contentWindow.postMessage({message:\"ready\",secret:r},\"*\")}}}}(window,document);\n<\/script>\n","thumbnail_url":"https:\/\/ajmasquefa-multimedia-wp.s3.eu-central-1.amazonaws.com\/wp-content\/uploads\/sites\/22\/2018\/08\/22111734\/WhatsApp-Image-2018-08-21-at-12.57.53.jpg","thumbnail_width":600,"thumbnail_height":450,"description":"L\u2019Ajuntament est\u00e0 instal\u00b7lant parquet d\u2019\u00faltima generaci\u00f3 al pavell\u00f3 poliesportiu i duu a terme treballs a l\u2019escola El Tur\u00f3 per tal de reduir-ne les barreres arquitect\u00f2niques i evitar la formaci\u00f3 de bassals i inundacions al seu pati &nbsp; El nou curs escolar est\u00e0 a punt de comen\u00e7ar. I enguany ho far\u00e0 amb algunes novetats importants en&hellip;"}

Notícies de l&#039;Ajuntament de la Vila de Masquefa

El curs 2018-19 arrencarà amb instal·lacions millorades - Notícies de l&#039;Ajuntament de la Vila de Masquefa

<blockquote class="wp-embedded-content" data-secret="ov49JlB2iL"><a href="https://masquefa.cat/noticies/el-curs-2018-19-arrencara-amb-instal%e2%80%a2lacions-millorades/">El curs 2018-19 arrencarà amb instal·lacions millorades</a></blockquote><iframe sandbox="allow-scripts" security="restricted" src="https://masquefa.cat/noticies/el-curs-2018-19-arrencara-amb-instal%e2%80%a2lacions-millorades/embed/#?secret=ov49JlB2iL" width="600" height="338" title="&#8220;El curs 2018-19 arrencarà amb instal·lacions millorades&#8221; &#8212; Notícies de l&#039;Ajuntament de la Vila de Masquefa" data-secret="ov49JlB2iL" frameborder="0" marginwidth="0" marginheight="0" scrolling="no" class="wp-embedded-content"></iframe><script type="text/javascript">
/*! This file is auto-generated */
!function(c,d){"use strict";var e=!1,o=!1;if(d.querySelector)if(c.addEventListener)e=!0;if(c.wp=c.wp||{},c.wp.receiveEmbedMessage);else if(c.wp.receiveEmbedMessage=function(e){var t=e.data;if(!t);else if(!(t.secret||t.message||t.value));else if(/[^a-zA-Z0-9]/.test(t.secret));else{for(var r,s,a,i=d.querySelectorAll('iframe[data-secret="'+t.secret+'"]'),n=d.querySelectorAll('blockquote[data-secret="'+t.secret+'"]'),o=new RegExp("^https?:$","i"),l=0;l<n.length;l++)n[l].style.display="none";for(l=0;l<i.length;l++)if(r=i[l],e.source!==r.contentWindow);else{if(r.removeAttribute("style"),"height"===t.message){if(1e3<(s=parseInt(t.value,10)))s=1e3;else if(~~s<200)s=200;r.height=s}if("link"===t.message)if(s=d.createElement("a"),a=d.createElement("a"),s.href=r.getAttribute("src"),a.href=t.value,!o.test(a.protocol));else if(a.host===s.host)if(d.activeElement===r)c.top.location.href=t.value}}},e)c.addEventListener("message",c.wp.receiveEmbedMessage,!1),d.addEventListener("DOMContentLoaded",t,!1),c.addEventListener("load",t,!1);function t(){if(o);else{o=!0;for(var e,t,r,s=-1!==navigator.appVersion.indexOf("MSIE 10"),a=!!navigator.userAgent.match(/Trident.*rv:11\./),i=d.querySelectorAll("iframe.wp-embedded-content"),n=0;n<i.length;n++){if(!(r=(t=i[n]).getAttribute("data-secret")))r=Math.random().toString(36).substr(2,10),t.src+="#?secret="+r,t.setAttribute("data-secret",r);if(s||a)(e=t.cloneNode(!0)).removeAttribute("security"),t.parentNode.replaceChild(e,t);t.contentWindow.postMessage({message:"ready",secret:r},"*")}}}}(window,document);
</script>

L’Ajuntament està instal·lant parquet d’última generació al pavelló poliesportiu i duu a terme treballs a l’escola El Turó per tal de reduir-ne les barreres arquitectòniques i evitar la formació de bassals i inundacions al seu pati &nbsp; El nou curs escolar està a punt de començar. I enguany ho farà amb algunes novetats importants en&hellip;
