{"version":"1.0","provider_name":"Not\u00edcies de l&#039;Ajuntament de la Vila de Masquefa","provider_url":"https:\/\/masquefa.cat\/noticies","author_name":"Ajuntament de Masquefa","author_url":"https:\/\/masquefa.cat\/noticies\/author\/noticies\/","title":"Els Caf\u00e8s amb Hist\u00f2ria estrenen nou cicle - Not\u00edcies de l&#039;Ajuntament de la Vila de Masquefa","type":"rich","width":600,"height":338,"html":"<blockquote class=\"wp-embedded-content\" data-secret=\"VSUn49qQG0\"><a href=\"https:\/\/masquefa.cat\/noticies\/els-cafes-amb-historia-estrenen-nou-cicle\/\">Els Caf\u00e8s amb Hist\u00f2ria estrenen nou cicle<\/a><\/blockquote><iframe sandbox=\"allow-scripts\" security=\"restricted\" src=\"https:\/\/masquefa.cat\/noticies\/els-cafes-amb-historia-estrenen-nou-cicle\/embed\/#?secret=VSUn49qQG0\" width=\"600\" height=\"338\" title=\"&#8220;Els Caf\u00e8s amb Hist\u00f2ria estrenen nou cicle&#8221; &#8212; Not\u00edcies de l&#039;Ajuntament de la Vila de Masquefa\" data-secret=\"VSUn49qQG0\" frameborder=\"0\" marginwidth=\"0\" marginheight=\"0\" scrolling=\"no\" class=\"wp-embedded-content\"><\/iframe><script type=\"text\/javascript\">\n\/*! This file is auto-generated *\/\n!function(c,d){\"use strict\";var e=!1,o=!1;if(d.querySelector)if(c.addEventListener)e=!0;if(c.wp=c.wp||{},c.wp.receiveEmbedMessage);else if(c.wp.receiveEmbedMessage=function(e){var t=e.data;if(!t);else if(!(t.secret||t.message||t.value));else if(\/[^a-zA-Z0-9]\/.test(t.secret));else{for(var r,s,a,i=d.querySelectorAll('iframe[data-secret=\"'+t.secret+'\"]'),n=d.querySelectorAll('blockquote[data-secret=\"'+t.secret+'\"]'),o=new RegExp(\"^https?:$\",\"i\"),l=0;l<n.length;l++)n[l].style.display=\"none\";for(l=0;l<i.length;l++)if(r=i[l],e.source!==r.contentWindow);else{if(r.removeAttribute(\"style\"),\"height\"===t.message){if(1e3<(s=parseInt(t.value,10)))s=1e3;else if(~~s<200)s=200;r.height=s}if(\"link\"===t.message)if(s=d.createElement(\"a\"),a=d.createElement(\"a\"),s.href=r.getAttribute(\"src\"),a.href=t.value,!o.test(a.protocol));else if(a.host===s.host)if(d.activeElement===r)c.top.location.href=t.value}}},e)c.addEventListener(\"message\",c.wp.receiveEmbedMessage,!1),d.addEventListener(\"DOMContentLoaded\",t,!1),c.addEventListener(\"load\",t,!1);function t(){if(o);else{o=!0;for(var e,t,r,s=-1!==navigator.appVersion.indexOf(\"MSIE 10\"),a=!!navigator.userAgent.match(\/Trident.*rv:11\\.\/),i=d.querySelectorAll(\"iframe.wp-embedded-content\"),n=0;n<i.length;n++){if(!(r=(t=i[n]).getAttribute(\"data-secret\")))r=Math.random().toString(36).substr(2,10),t.src+=\"#?secret=\"+r,t.setAttribute(\"data-secret\",r);if(s||a)(e=t.cloneNode(!0)).removeAttribute(\"security\"),t.parentNode.replaceChild(e,t);t.contentWindow.postMessage({message:\"ready\",secret:r},\"*\")}}}}(window,document);\n<\/script>\n","description":"L&rsquo;espai de debat &ldquo;Caf&egrave;s amb Hist&ograve;ria&rdquo; iniciar&agrave; aquest dissabte, 10 de maig, un nou cicle amb la xerrada &ldquo;Els moviments socials a la transici\u00f3&rdquo; i un debat posterior entre els assistents. El cicle es reprendr&agrave; el dissabte 17 de maig amb una sessi\u00f3 de cine-f&ograve;rum. Es projectar&agrave; la pel&middot;l\u00edcula &ldquo;Siete d\u00edas de enero&rdquo;. La tercera&hellip;"}

Notícies de l&#039;Ajuntament de la Vila de Masquefa

Els Cafès amb Història estrenen nou cicle - Notícies de l&#039;Ajuntament de la Vila de Masquefa

<blockquote class="wp-embedded-content" data-secret="VSUn49qQG0"><a href="https://masquefa.cat/noticies/els-cafes-amb-historia-estrenen-nou-cicle/">Els Cafès amb Història estrenen nou cicle</a></blockquote><iframe sandbox="allow-scripts" security="restricted" src="https://masquefa.cat/noticies/els-cafes-amb-historia-estrenen-nou-cicle/embed/#?secret=VSUn49qQG0" width="600" height="338" title="&#8220;Els Cafès amb Història estrenen nou cicle&#8221; &#8212; Notícies de l&#039;Ajuntament de la Vila de Masquefa" data-secret="VSUn49qQG0" frameborder="0" marginwidth="0" marginheight="0" scrolling="no" class="wp-embedded-content"></iframe><script type="text/javascript">
/*! This file is auto-generated */
!function(c,d){"use strict";var e=!1,o=!1;if(d.querySelector)if(c.addEventListener)e=!0;if(c.wp=c.wp||{},c.wp.receiveEmbedMessage);else if(c.wp.receiveEmbedMessage=function(e){var t=e.data;if(!t);else if(!(t.secret||t.message||t.value));else if(/[^a-zA-Z0-9]/.test(t.secret));else{for(var r,s,a,i=d.querySelectorAll('iframe[data-secret="'+t.secret+'"]'),n=d.querySelectorAll('blockquote[data-secret="'+t.secret+'"]'),o=new RegExp("^https?:$","i"),l=0;l<n.length;l++)n[l].style.display="none";for(l=0;l<i.length;l++)if(r=i[l],e.source!==r.contentWindow);else{if(r.removeAttribute("style"),"height"===t.message){if(1e3<(s=parseInt(t.value,10)))s=1e3;else if(~~s<200)s=200;r.height=s}if("link"===t.message)if(s=d.createElement("a"),a=d.createElement("a"),s.href=r.getAttribute("src"),a.href=t.value,!o.test(a.protocol));else if(a.host===s.host)if(d.activeElement===r)c.top.location.href=t.value}}},e)c.addEventListener("message",c.wp.receiveEmbedMessage,!1),d.addEventListener("DOMContentLoaded",t,!1),c.addEventListener("load",t,!1);function t(){if(o);else{o=!0;for(var e,t,r,s=-1!==navigator.appVersion.indexOf("MSIE 10"),a=!!navigator.userAgent.match(/Trident.*rv:11\./),i=d.querySelectorAll("iframe.wp-embedded-content"),n=0;n<i.length;n++){if(!(r=(t=i[n]).getAttribute("data-secret")))r=Math.random().toString(36).substr(2,10),t.src+="#?secret="+r,t.setAttribute("data-secret",r);if(s||a)(e=t.cloneNode(!0)).removeAttribute("security"),t.parentNode.replaceChild(e,t);t.contentWindow.postMessage({message:"ready",secret:r},"*")}}}}(window,document);
</script>

L&rsquo;espai de debat &ldquo;Caf&egrave;s amb Hist&ograve;ria&rdquo; iniciar&agrave; aquest dissabte, 10 de maig, un nou cicle amb la xerrada &ldquo;Els moviments socials a la transició&rdquo; i un debat posterior entre els assistents. El cicle es reprendr&agrave; el dissabte 17 de maig amb una sessió de cine-f&ograve;rum. Es projectar&agrave; la pel&middot;lícula &ldquo;Siete días de enero&rdquo;. La tercera&hellip;
