{"version":"1.0","provider_name":"Not\u00edcies de l&#039;Ajuntament de la Vila de Masquefa","provider_url":"https:\/\/masquefa.cat\/noticies","author_name":"Ajuntament de Masquefa","author_url":"https:\/\/masquefa.cat\/noticies\/author\/noticies\/","title":"Roger V\u00e1zquez Claravalls \u00e9s proclamat alcalde de Masquefa - Not\u00edcies de l&#039;Ajuntament de la Vila de Masquefa","type":"rich","width":600,"height":338,"html":"<blockquote class=\"wp-embedded-content\" data-secret=\"GFFJFyB1Gp\"><a href=\"https:\/\/masquefa.cat\/noticies\/roger-vazquez-claravalls-es-proclamat-alcalde-de-masquefa\/\">Roger V\u00e1zquez Claravalls \u00e9s proclamat alcalde de Masquefa<\/a><\/blockquote><iframe sandbox=\"allow-scripts\" security=\"restricted\" src=\"https:\/\/masquefa.cat\/noticies\/roger-vazquez-claravalls-es-proclamat-alcalde-de-masquefa\/embed\/#?secret=GFFJFyB1Gp\" width=\"600\" height=\"338\" title=\"&#8220;Roger V\u00e1zquez Claravalls \u00e9s proclamat alcalde de Masquefa&#8221; &#8212; Not\u00edcies de l&#039;Ajuntament de la Vila de Masquefa\" data-secret=\"GFFJFyB1Gp\" frameborder=\"0\" marginwidth=\"0\" marginheight=\"0\" scrolling=\"no\" class=\"wp-embedded-content\"><\/iframe><script type=\"text\/javascript\">\n\/*! This file is auto-generated *\/\n!function(c,d){\"use strict\";var e=!1,o=!1;if(d.querySelector)if(c.addEventListener)e=!0;if(c.wp=c.wp||{},c.wp.receiveEmbedMessage);else if(c.wp.receiveEmbedMessage=function(e){var t=e.data;if(!t);else if(!(t.secret||t.message||t.value));else if(\/[^a-zA-Z0-9]\/.test(t.secret));else{for(var r,s,a,i=d.querySelectorAll('iframe[data-secret=\"'+t.secret+'\"]'),n=d.querySelectorAll('blockquote[data-secret=\"'+t.secret+'\"]'),o=new RegExp(\"^https?:$\",\"i\"),l=0;l<n.length;l++)n[l].style.display=\"none\";for(l=0;l<i.length;l++)if(r=i[l],e.source!==r.contentWindow);else{if(r.removeAttribute(\"style\"),\"height\"===t.message){if(1e3<(s=parseInt(t.value,10)))s=1e3;else if(~~s<200)s=200;r.height=s}if(\"link\"===t.message)if(s=d.createElement(\"a\"),a=d.createElement(\"a\"),s.href=r.getAttribute(\"src\"),a.href=t.value,!o.test(a.protocol));else if(a.host===s.host)if(d.activeElement===r)c.top.location.href=t.value}}},e)c.addEventListener(\"message\",c.wp.receiveEmbedMessage,!1),d.addEventListener(\"DOMContentLoaded\",t,!1),c.addEventListener(\"load\",t,!1);function t(){if(o);else{o=!0;for(var e,t,r,s=-1!==navigator.appVersion.indexOf(\"MSIE 10\"),a=!!navigator.userAgent.match(\/Trident.*rv:11\\.\/),i=d.querySelectorAll(\"iframe.wp-embedded-content\"),n=0;n<i.length;n++){if(!(r=(t=i[n]).getAttribute(\"data-secret\")))r=Math.random().toString(36).substr(2,10),t.src+=\"#?secret=\"+r,t.setAttribute(\"data-secret\",r);if(s||a)(e=t.cloneNode(!0)).removeAttribute(\"security\"),t.parentNode.replaceChild(e,t);t.contentWindow.postMessage({message:\"ready\",secret:r},\"*\")}}}}(window,document);\n<\/script>\n","thumbnail_url":"https:\/\/ajmasquefa-multimedia-wp.s3.eu-central-1.amazonaws.com\/wp-content\/uploads\/sites\/22\/2023\/06\/17173511\/f6bcb24b-1483-46b5-8fc0-6191bd2d5822.jpg","thumbnail_width":1024,"thumbnail_height":721,"description":"L\u2019alcaldia de l\u2019Ajuntament de Masquefa ser\u00e0 compartida entre Roger V\u00e1zquez i Daniel Guti\u00e9rrez despr\u00e9s del pacte signat per les seves respectives formacions pol\u00edtiques. La Sala de Plens ha acollit aquest dissabte 17 de juny la constituci\u00f3 del nou consistori pel mandat 2023-2027. L&#8217;acte ha comen\u00e7at amb la formaci\u00f3 de la mesa d&#8217;edat i, a continuaci\u00f3,&hellip;"}

Notícies de l&#039;Ajuntament de la Vila de Masquefa

Roger Vázquez Claravalls és proclamat alcalde de Masquefa - Notícies de l&#039;Ajuntament de la Vila de Masquefa

<blockquote class="wp-embedded-content" data-secret="GFFJFyB1Gp"><a href="https://masquefa.cat/noticies/roger-vazquez-claravalls-es-proclamat-alcalde-de-masquefa/">Roger Vázquez Claravalls és proclamat alcalde de Masquefa</a></blockquote><iframe sandbox="allow-scripts" security="restricted" src="https://masquefa.cat/noticies/roger-vazquez-claravalls-es-proclamat-alcalde-de-masquefa/embed/#?secret=GFFJFyB1Gp" width="600" height="338" title="&#8220;Roger Vázquez Claravalls és proclamat alcalde de Masquefa&#8221; &#8212; Notícies de l&#039;Ajuntament de la Vila de Masquefa" data-secret="GFFJFyB1Gp" frameborder="0" marginwidth="0" marginheight="0" scrolling="no" class="wp-embedded-content"></iframe><script type="text/javascript">
/*! This file is auto-generated */
!function(c,d){"use strict";var e=!1,o=!1;if(d.querySelector)if(c.addEventListener)e=!0;if(c.wp=c.wp||{},c.wp.receiveEmbedMessage);else if(c.wp.receiveEmbedMessage=function(e){var t=e.data;if(!t);else if(!(t.secret||t.message||t.value));else if(/[^a-zA-Z0-9]/.test(t.secret));else{for(var r,s,a,i=d.querySelectorAll('iframe[data-secret="'+t.secret+'"]'),n=d.querySelectorAll('blockquote[data-secret="'+t.secret+'"]'),o=new RegExp("^https?:$","i"),l=0;l<n.length;l++)n[l].style.display="none";for(l=0;l<i.length;l++)if(r=i[l],e.source!==r.contentWindow);else{if(r.removeAttribute("style"),"height"===t.message){if(1e3<(s=parseInt(t.value,10)))s=1e3;else if(~~s<200)s=200;r.height=s}if("link"===t.message)if(s=d.createElement("a"),a=d.createElement("a"),s.href=r.getAttribute("src"),a.href=t.value,!o.test(a.protocol));else if(a.host===s.host)if(d.activeElement===r)c.top.location.href=t.value}}},e)c.addEventListener("message",c.wp.receiveEmbedMessage,!1),d.addEventListener("DOMContentLoaded",t,!1),c.addEventListener("load",t,!1);function t(){if(o);else{o=!0;for(var e,t,r,s=-1!==navigator.appVersion.indexOf("MSIE 10"),a=!!navigator.userAgent.match(/Trident.*rv:11\./),i=d.querySelectorAll("iframe.wp-embedded-content"),n=0;n<i.length;n++){if(!(r=(t=i[n]).getAttribute("data-secret")))r=Math.random().toString(36).substr(2,10),t.src+="#?secret="+r,t.setAttribute("data-secret",r);if(s||a)(e=t.cloneNode(!0)).removeAttribute("security"),t.parentNode.replaceChild(e,t);t.contentWindow.postMessage({message:"ready",secret:r},"*")}}}}(window,document);
</script>

L’alcaldia de l’Ajuntament de Masquefa serà compartida entre Roger Vázquez i Daniel Gutiérrez després del pacte signat per les seves respectives formacions polítiques. La Sala de Plens ha acollit aquest dissabte 17 de juny la constitució del nou consistori pel mandat 2023-2027. L&#8217;acte ha començat amb la formació de la mesa d&#8217;edat i, a continuació,&hellip;
