{"id":1587,"date":"2021-09-30T11:24:45","date_gmt":"2021-09-30T09:24:45","guid":{"rendered":"http:\/\/masquefa.cat\/promocio-economica\/?page_id=1587"},"modified":"2021-12-17T12:07:04","modified_gmt":"2021-12-17T11:07:04","slug":"cultura-emprenedora-a-lescola","status":"publish","type":"page","link":"https:\/\/masquefa.cat\/promocio-economica\/cultura-emprenedora-a-lescola\/","title":{"rendered":"Cultura Emprenedora a l\u2019Escola"},"content":{"rendered":"<section class=\"wpb-content-wrapper\"><p>[vc_row margin_top=&#8221;32&#8243; el_class=&#8221;extra-page&#8221;][vc_column][vc_row_inner][vc_column_inner]\n<ul class=\"slider-simple shortcode-photo-slider photoSlider\" data-width=\"800\" data-height=\"450\" data-autoslide=\"5000\" data-paused=\"true\" style=\"width: 100%\" data-img-mode=\"fill\">\n\t<li>\n\t\t<img class=\"preload-me\" src=\"https:\/\/ajmasquefa-multimedia-wp.s3.eu-central-1.amazonaws.com\/wp-content\/uploads\/sites\/9\/2021\/12\/17100247\/SILVIA.jpg\" srcset=\"https:\/\/ajmasquefa-multimedia-wp.s3.eu-central-1.amazonaws.com\/wp-content\/uploads\/sites\/9\/2021\/12\/17100247\/SILVIA.jpg 1600w\" width=\"1600\" height=\"1200\"  alt=\"\"  \/>\n\t\t<div class=\"slider-post-caption\">\n\t\t\t<div class=\"slider-post-inner\">\n\t\t\t\t<h4>SILVIA<\/h4>\n\t\t\t<\/div>\n\t\t<\/div><\/li>\n\t<li>\n\t\t<img class=\"preload-me\" src=\"https:\/\/ajmasquefa-multimedia-wp.s3.eu-central-1.amazonaws.com\/wp-content\/uploads\/sites\/9\/2021\/12\/17101322\/d%C3%ADptic-CuEmE_page-0001.jpg\" srcset=\"https:\/\/ajmasquefa-multimedia-wp.s3.eu-central-1.amazonaws.com\/wp-content\/uploads\/sites\/9\/2021\/12\/17101322\/d%C3%ADptic-CuEmE_page-0001.jpg 1182w\" width=\"1182\" height=\"1241\"  alt=\"\"  \/>\n\t\t<div class=\"slider-post-caption\">\n\t\t\t<div class=\"slider-post-inner\">\n\t\t\t\t<h4>d\u00edptic-CuEmE_page-0001<\/h4>\n\t\t\t<\/div>\n\t\t<\/div><\/li><\/ul>[\/vc_column_inner][\/vc_row_inner][vc_empty_space][vc_column_text]<\/p>\n<h2 style=\"text-align: center;\">Les escoles Vinyes Verdes i Font del Roure s\u2019incorporen al projecte Cultura Emprenedora a l\u2019Escola<\/h2>\n<p>[\/vc_column_text][vc_row_inner][vc_column_inner][vc_column_text el_class=&#8221;extra-page-text&#8221;]L\u2019Ajuntament de Masquefa i el teixit escolar municipal treballen conjuntament per la promoci\u00f3 i impuls de l\u2019emprenedoria i la innovaci\u00f3 entre els alumnes i estudiants dels diferents centres educatius de la vila. Per tot plegat, el consistori i les escoles Vinyes Verdes i Font del Roure s\u2019han adherit per primer cop enguany al projecte Cultura Emprenedora a l\u2019Escola (CuEmE) que organitza la Diputaci\u00f3 de Barcelona.<\/p>\n<p>El projecte CuEmE t\u00e9 com a objectiu desenvolupar entre els alumnes els valors, h\u00e0bits i les capacitats claus vinculades a l\u2019emprenedoria. Per tot plegat, es portar\u00e0 a terme durant tot el curs i simular\u00e0 la creaci\u00f3, organitzaci\u00f3, gesti\u00f3 i tancament d\u2019una cooperativa escolar.<\/p>\n<p>A trav\u00e9s d\u2019aquest treball, els estudiants aconseguiran desenvolupar les seves capacitats emprenedores, establir una connexi\u00f3 entre el treball i l\u2019escola, aprendre de forma transversal i formar-se en un context creatiu i l\u00fadic.[\/vc_column_text][\/vc_column_inner][\/vc_row_inner][\/vc_column][\/vc_row][vc_row type=&#8221;vc_default&#8221; full_width=&#8221;stretch_row&#8221; el_class=&#8221;acordio&#8221; css=&#8221;.vc_custom_1509979108214{background-color: #fdfafc !important;}&#8221;][vc_column][vc_empty_space height=&#8221;50px&#8221; css=&#8221;.vc_custom_1509979233717{background-color: #fdfafc !important;}&#8221;][\/vc_column][\/vc_row][vc_row bwd_tbc4vd_show_weekday=&#8221;&#8221; type=&#8221;vc_default&#8221; full_width=&#8221;stretch_row&#8221; disable_element=&#8221;yes&#8221; el_class=&#8221;acordio&#8221; css=&#8221;.vc_custom_1639731918551{background-color: #ffffff !important;}&#8221;][vc_column][vc_text_separator title=&#8221;Destacats&#8221; color=&#8221;custom&#8221; accent_color=&#8221;#950862&#8243; el_class=&#8221;title-separator&#8221;][vc_row_inner][vc_column_inner width=&#8221;1\/4&#8243; offset=&#8221;vc_hidden-lg vc_hidden-md vc_hidden-sm vc_hidden-xs&#8221;][vc_single_image image=&#8221;1465&#8243; img_size=&#8221;full&#8221; alignment=&#8221;center&#8221; onclick=&#8221;custom_link&#8221; img_link_target=&#8221;_blank&#8221; css_animation=&#8221;bounce&#8221; link=&#8221;https:\/\/masquefa.cat\/noticies\/viu-el-nadal-amb-el-comerc-de-masquefa\/&#8221;][\/vc_column_inner][vc_column_inner width=&#8221;1\/4&#8243; offset=&#8221;vc_hidden-lg vc_hidden-md vc_hidden-sm vc_hidden-xs&#8221;][vc_single_image image=&#8221;1453&#8243; img_size=&#8221;full&#8221; alignment=&#8221;center&#8221; onclick=&#8221;custom_link&#8221; img_link_target=&#8221;_blank&#8221; css_animation=&#8221;bounce&#8221; link=&#8221;https:\/\/masquefa.cat\/tic\/formulari-inscripcio-aparadors-de-nadal\/&#8221;][\/vc_column_inner][vc_column_inner width=&#8221;1\/4&#8243; offset=&#8221;vc_hidden-lg vc_hidden-md vc_hidden-sm vc_hidden-xs&#8221;][vc_single_image image=&#8221;791&#8243; img_size=&#8221;295&#215;73&#8243; alignment=&#8221;center&#8221; onclick=&#8221;custom_link&#8221; img_link_target=&#8221;_blank&#8221; css_animation=&#8221;bounce&#8221; link=&#8221;https:\/\/ajmasquefa-multimedia-wp.s3.eu-central-1.amazonaws.com\/wp-content\/uploads\/sites\/9\/2018\/03\/15173642\/cataleg_web_8_octubre8201.pdf&#8221;][\/vc_column_inner][vc_column_inner width=&#8221;1\/4&#8243;][\/vc_column_inner][\/vc_row_inner][\/vc_column][\/vc_row][vc_row type=&#8221;vc_default&#8221; full_width=&#8221;stretch_row&#8221; el_class=&#8221;acordio acordioIMG&#8221; css=&#8221;.vc_custom_1512045564664{background-color: #fdfafc !important;}&#8221;][vc_column bwd_tbc4vd_show_weekday=&#8221;&#8221; width=&#8221;1\/3&#8243; offset=&#8221;vc_hidden-lg vc_hidden-md vc_hidden-sm vc_hidden-xs&#8221;][vc_single_image image=&#8221;347&#8243; img_size=&#8221;full&#8221;][vc_accordion active_tab=&#8221;&#8221; collapsible=&#8221;yes&#8221; style=&#8221;3&#8243; el_class=&#8221;acordio-fosc&#8221;][vc_accordion_tab title=&#8221;Diada de Sant Jordi &#8220;][vc_column_text]Per la Diada de Sant Jordi els llibres i les roses s\u00f3n els grans protagonistes de la festivitat. Com ja \u00e9s tradici\u00f3, les llibreries, les floristeries i les entitats locals instal\u00b7len les seves parades al carrer per convertir el centre de la vila en l\u2019eix neur\u00e0lgic de la celebraci\u00f3 i en un espai de reuni\u00f3 i trobada per a fam\u00edlies, parelles i amics.<\/p>\n<ul>\n<li><a href=\"https:\/\/ajmasquefa-multimedia-wp.s3.eu-central-1.amazonaws.com\/wp-content\/uploads\/sites\/9\/2018\/04\/09115458\/NORMES-SANT-JORDI-2018.pdf\">Bases Sant Jordi 2018<\/a><\/li>\n<\/ul>\n<p>[\/vc_column_text][\/vc_accordion_tab][\/vc_accordion][\/vc_column][vc_column bwd_tbc4vd_show_weekday=&#8221;&#8221; width=&#8221;1\/3&#8243; offset=&#8221;vc_hidden-lg vc_hidden-md vc_hidden-sm vc_hidden-xs&#8221;][vc_single_image image=&#8221;773&#8243; img_size=&#8221;full&#8221;][vc_accordion active_tab=&#8221;&#8221; collapsible=&#8221;yes&#8221; style=&#8221;3&#8243; el_class=&#8221;acordio-fosc&#8221;][vc_accordion_tab title=&#8221;Concurs per Carnaval&#8221;][vc_column_text]El teixit comercial masquef\u00ed suma esfor\u00e7os per decorar els carrers de la vila, any rere any, de colors, m\u00fasica i rialles amb la participaci\u00f3 al Concurs. El concurs compta amb tres premis econ\u00f2mics pels tres comer\u00e7os que obtinguin la major puntuaci\u00f3.<br \/>\n[\/vc_column_text][\/vc_accordion_tab][\/vc_accordion][\/vc_column][vc_column width=&#8221;1\/3&#8243;][\/vc_column][\/vc_row][vc_row bwd_tbc4vd_show_weekday=&#8221;&#8221; type=&#8221;vc_default&#8221; full_width=&#8221;stretch_row&#8221; disable_element=&#8221;yes&#8221; el_class=&#8221;acordio&#8221; css=&#8221;.vc_custom_1639731883849{background-color: #ffffff !important;}&#8221;][vc_column][vc_empty_space height=&#8221;100px&#8221; css=&#8221;.vc_custom_1511541904387{background-color: #ffffff !important;}&#8221;][vc_text_separator title=&#8221;Documents d&#8217;Inter\u00e8s&#8221; color=&#8221;custom&#8221; accent_color=&#8221;#950862&#8243; el_class=&#8221;title-separator&#8221;][vc_row_inner][vc_column_inner bwd_tbc4vd_show_weekday=&#8221;&#8221; width=&#8221;1\/3&#8243;][vc_single_image image=&#8221;1608&#8243; img_size=&#8221;295&#215;73&#8243; alignment=&#8221;center&#8221; onclick=&#8221;custom_link&#8221; img_link_target=&#8221;_blank&#8221; css_animation=&#8221;bounce&#8221; link=&#8221;https:\/\/ajmasquefa-multimedia-wp.s3.eu-central-1.amazonaws.com\/wp-content\/uploads\/sites\/9\/2021\/10\/05095524\/210709-Proposta-de-treball-Masquefa-adaptaci%C3%B3-DIBA.pdf&#8221;][\/vc_column_inner][vc_column_inner bwd_tbc4vd_show_weekday=&#8221;&#8221; width=&#8221;1\/3&#8243; offset=&#8221;vc_hidden-lg vc_hidden-md vc_hidden-sm vc_hidden-xs&#8221;][vc_single_image image=&#8221;551&#8243; img_size=&#8221;295&#215;73&#8243; alignment=&#8221;center&#8221; onclick=&#8221;custom_link&#8221; img_link_target=&#8221;_blank&#8221; css_animation=&#8221;bounce&#8221; link=&#8221;https:\/\/ajmasquefa-multimedia-wp.s3.eu-central-1.amazonaws.com\/wp-content\/uploads\/sites\/9\/2018\/01\/31114751\/fitxa-empresa-comer%C3%A7.doc&#8221;][\/vc_column_inner][vc_column_inner bwd_tbc4vd_show_weekday=&#8221;&#8221; width=&#8221;1\/3&#8243; offset=&#8221;vc_hidden-lg vc_hidden-md vc_hidden-sm vc_hidden-xs&#8221;][vc_single_image image=&#8221;791&#8243; img_size=&#8221;295&#215;73&#8243; alignment=&#8221;center&#8221; onclick=&#8221;custom_link&#8221; img_link_target=&#8221;_blank&#8221; css_animation=&#8221;bounce&#8221; link=&#8221;https:\/\/ajmasquefa-multimedia-wp.s3.eu-central-1.amazonaws.com\/wp-content\/uploads\/sites\/9\/2018\/03\/15173642\/cataleg_web_8_octubre8201.pdf&#8221;][\/vc_column_inner][\/vc_row_inner][\/vc_column][\/vc_row][vc_row bwd_tbc4vd_show_weekday=&#8221;&#8221; type=&#8221;vc_default&#8221; full_width=&#8221;stretch_row&#8221; disable_element=&#8221;yes&#8221; el_class=&#8221;acordio&#8221; css=&#8221;.vc_custom_1639731903704{background-color: #ffffff !important;}&#8221;][vc_column][vc_empty_space height=&#8221;100px&#8221; css=&#8221;.vc_custom_1511541904387{background-color: #ffffff !important;}&#8221;][vc_text_separator title=&#8221;Enlla\u00e7os d&#8217;Inter\u00e8s&#8221; color=&#8221;custom&#8221; accent_color=&#8221;#950862&#8243; el_class=&#8221;title-separator&#8221;][vc_row_inner][vc_column_inner bwd_tbc4vd_show_weekday=&#8221;&#8221; width=&#8221;1\/2&#8243;][vc_single_image image=&#8221;1611&#8243; img_size=&#8221;full&#8221; alignment=&#8221;center&#8221; onclick=&#8221;custom_link&#8221; img_link_target=&#8221;_blank&#8221; css_animation=&#8221;bounceInLeft&#8221; link=&#8221;https:\/\/apunt.uvic.cat\/adjudiquen-al-grup-de-recerca-tracte-el-disseny-i-conceptualitzacio-de-la-marca-de-masquefa&#8221;][\/vc_column_inner][vc_column_inner bwd_tbc4vd_show_weekday=&#8221;&#8221; width=&#8221;1\/2&#8243;][vc_single_image image=&#8221;1613&#8243; img_size=&#8221;full&#8221; alignment=&#8221;center&#8221; onclick=&#8221;custom_link&#8221; img_link_target=&#8221;_blank&#8221; css_animation=&#8221;bounceInLeft&#8221; link=&#8221;https:\/\/masquefa.cat\/noticies\/el-projecte-estrategic-marca-masquefa-identitat-reputacio-atraccio-inicia-el-seu-cami\/&#8221;][\/vc_column_inner][\/vc_row_inner][\/vc_column][\/vc_row]<\/p>\n<\/section>","protected":false},"excerpt":{"rendered":"<p>[vc_row margin_top=&#8221;32&#8243; el_class=&#8221;extra-page&#8221;][vc_column][vc_row_inner][vc_column_inner][\/vc_column_inner][\/vc_row_inner][vc_empty_space][vc_column_text] Les escoles Vinyes Verdes i Font del Roure s\u2019incorporen al projecte Cultura Emprenedora a l\u2019Escola [\/vc_column_text][vc_row_inner][vc_column_inner][vc_column_text el_class=&#8221;extra-page-text&#8221;]L\u2019Ajuntament de Masquefa i el teixit escolar municipal treballen conjuntament per la promoci\u00f3 i impuls de l\u2019emprenedoria i la innovaci\u00f3 entre els alumnes i estudiants dels diferents centres educatius de la vila. Per tot plegat, el&hellip;<\/p>\n","protected":false},"author":1,"featured_media":0,"parent":0,"menu_order":0,"comment_status":"closed","ping_status":"closed","template":"","meta":[],"_links":{"self":[{"href":"https:\/\/masquefa.cat\/promocio-economica\/wp-json\/wp\/v2\/pages\/1587"}],"collection":[{"href":"https:\/\/masquefa.cat\/promocio-economica\/wp-json\/wp\/v2\/pages"}],"about":[{"href":"https:\/\/masquefa.cat\/promocio-economica\/wp-json\/wp\/v2\/types\/page"}],"author":[{"embeddable":true,"href":"https:\/\/masquefa.cat\/promocio-economica\/wp-json\/wp\/v2\/users\/1"}],"replies":[{"embeddable":true,"href":"https:\/\/masquefa.cat\/promocio-economica\/wp-json\/wp\/v2\/comments?post=1587"}],"version-history":[{"count":11,"href":"https:\/\/masquefa.cat\/promocio-economica\/wp-json\/wp\/v2\/pages\/1587\/revisions"}],"predecessor-version":[{"id":1645,"href":"https:\/\/masquefa.cat\/promocio-economica\/wp-json\/wp\/v2\/pages\/1587\/revisions\/1645"}],"wp:attachment":[{"href":"https:\/\/masquefa.cat\/promocio-economica\/wp-json\/wp\/v2\/media?parent=1587"}],"curies":[{"name":"wp","href":"https:\/\/api.w.org\/{rel}","templated":true}]}}