{"id":1992,"date":"2023-01-11T10:28:27","date_gmt":"2023-01-11T09:28:27","guid":{"rendered":"https:\/\/masquefa.cat\/promocio-economica\/?page_id=1992"},"modified":"2023-01-11T10:29:12","modified_gmt":"2023-01-11T09:29:12","slug":"montse-olmos-serietat-responsabilitat-i-puntualitat-son-valors-que-portem-integrats-les-dones-40","status":"publish","type":"page","link":"https:\/\/masquefa.cat\/promocio-economica\/montse-olmos-serietat-responsabilitat-i-puntualitat-son-valors-que-portem-integrats-les-dones-40\/","title":{"rendered":"Montse Olmos: \u201cSerietat, responsabilitat i puntualitat s\u00f3n valors que portem integrats les dones +40\u201d"},"content":{"rendered":"<p>&nbsp;<\/p>\n<p>&nbsp;<\/p>\n<p>La<strong> Montse Olmos<\/strong>, oper\u00e0ria, tamb\u00e9 ha treballat fent tasques d\u2019administrativa i en l\u2019\u00e0mbit de la log\u00edstica a sectors molt diversos com el de l\u2019automoci\u00f3, l\u2019alimentaci\u00f3, el pl\u00e0stic o el t\u00e8xtil. Va comen\u00e7ar a treballar als 18 anys i ha tocat molts sectors.<\/p>\n<p>De jove va estudiar formaci\u00f3 professional i est\u00e0 conven\u00e7uda que \u00e9s important continuar formant-se i reciclant-se. Ara vol fer un tomb a la seva carrera i, mentre fa cursos, vol posar en valor el seu perfil administratiu.<\/p>\n<p><strong>\u00a0<\/strong><\/p>\n<p><strong>Qu\u00e8 t\u2019han aportat els teus anys d\u2019experi\u00e8ncia laboral? <\/strong> He apr\u00e8s molt, tant d\u2019all\u00f2 que vull fer com del que no. Els anys d\u2019experi\u00e8ncia et donen perspectiva per saber on et sents millor. Per\u00f2 el treball en equip i la cooperaci\u00f3 s\u00f3n importants en totes les feines i aquestes habilitats les tinc adquirides.<\/p>\n<p><strong>Com et defineixes? <\/strong>Em considero din\u00e0mica, amable, confiable i compromesa. S\u00f3c bona companya; ser crear un ambient de treball agradable a la feina.<\/p>\n<p><strong>Qu\u00e8 creus que un perfil com et teu pots aportar a una empresa? <\/strong>Experi\u00e8ncia en molts \u00e0mbits, per\u00f2 tamb\u00e9 comprom\u00eds i \u201cbones vibracions\u201d, ja que s\u00f3c una persona molt alegre, sense excedir-me i tenint clar que la feina ha de sortir i b\u00e9. Ah! I aporto idees de millora!<\/p>\n<p><strong>Quins creus que s\u00f3n els frens que tenen les empreses per a contractar dones de m\u00e9s de 40 anys? <\/strong>Potser pensen que la maduresa ens fa menys manejables perqu\u00e8 tenim les idees molt m\u00e9s clares que una persona jove. Per\u00f2 l\u2019experi\u00e8ncia ens tamb\u00e9 ens aporta capacitat d\u2019adaptaci\u00f3.<\/p>\n<p><strong>I quins s\u00f3n els avantatges per a l\u2019empresa de contractar una dona de m\u00e9s de 40 anys? <\/strong>Les dones +40 som m\u00e9s compromeses i tamb\u00e9 honestes. La serietat, la responsabilitat i la puntualitat s\u00f3n valors que portem integrats. Hauria de ser evident en qualsevol feina, per\u00f2 avui dia entre les persones joves de vegades aquestes qualitats no sempre es troben.<\/p>\n<p>&nbsp;<\/p>\n<p>&nbsp;<\/p>\n","protected":false},"excerpt":{"rendered":"<p>&nbsp; &nbsp; La Montse Olmos, oper\u00e0ria, tamb\u00e9 ha treballat fent tasques d\u2019administrativa i en l\u2019\u00e0mbit de la log\u00edstica a sectors molt diversos com el de l\u2019automoci\u00f3, l\u2019alimentaci\u00f3, el pl\u00e0stic o el t\u00e8xtil. Va comen\u00e7ar a treballar als 18 anys i ha tocat molts sectors. De jove va estudiar formaci\u00f3 professional i est\u00e0 conven\u00e7uda que \u00e9s&hellip;<\/p>\n","protected":false},"author":1,"featured_media":1993,"parent":0,"menu_order":0,"comment_status":"closed","ping_status":"closed","template":"","meta":[],"_links":{"self":[{"href":"https:\/\/masquefa.cat\/promocio-economica\/wp-json\/wp\/v2\/pages\/1992"}],"collection":[{"href":"https:\/\/masquefa.cat\/promocio-economica\/wp-json\/wp\/v2\/pages"}],"about":[{"href":"https:\/\/masquefa.cat\/promocio-economica\/wp-json\/wp\/v2\/types\/page"}],"author":[{"embeddable":true,"href":"https:\/\/masquefa.cat\/promocio-economica\/wp-json\/wp\/v2\/users\/1"}],"replies":[{"embeddable":true,"href":"https:\/\/masquefa.cat\/promocio-economica\/wp-json\/wp\/v2\/comments?post=1992"}],"version-history":[{"count":2,"href":"https:\/\/masquefa.cat\/promocio-economica\/wp-json\/wp\/v2\/pages\/1992\/revisions"}],"predecessor-version":[{"id":1995,"href":"https:\/\/masquefa.cat\/promocio-economica\/wp-json\/wp\/v2\/pages\/1992\/revisions\/1995"}],"wp:featuredmedia":[{"embeddable":true,"href":"https:\/\/masquefa.cat\/promocio-economica\/wp-json\/wp\/v2\/media\/1993"}],"wp:attachment":[{"href":"https:\/\/masquefa.cat\/promocio-economica\/wp-json\/wp\/v2\/media?parent=1992"}],"curies":[{"name":"wp","href":"https:\/\/api.w.org\/{rel}","templated":true}]}}