{"id":216,"date":"2017-11-24T17:14:16","date_gmt":"2017-11-24T16:14:16","guid":{"rendered":"http:\/\/ajmasquefa.atotarreu.com\/promocio-economica\/?page_id=216"},"modified":"2025-09-03T15:24:56","modified_gmt":"2025-09-03T13:24:56","slug":"viver-empreses","status":"publish","type":"page","link":"https:\/\/masquefa.cat\/promocio-economica\/viver-empreses\/","title":{"rendered":"Viver d&#8217;Empreses Masquef@ctiva"},"content":{"rendered":"<section class=\"wpb-content-wrapper\"><p>[vc_row margin_top=&#8221;32&#8243; el_class=&#8221;extra-page&#8221;][vc_column][vc_row_inner][vc_column_inner]\n<ul class=\"slider-simple shortcode-photo-slider photoSlider\" data-autoslide=\"4000\" data-paused=\"false\" style=\"width: 100%\" data-img-mode=\"fill\">\n\t<li>\n\t\t<img class=\"preload-me\" src=\"https:\/\/ajmasquefa-multimedia-wp.s3.eu-central-1.amazonaws.com\/wp-content\/uploads\/sites\/9\/2018\/01\/31155906\/Sala-dActes-CTC.jpg\" srcset=\"https:\/\/ajmasquefa-multimedia-wp.s3.eu-central-1.amazonaws.com\/wp-content\/uploads\/sites\/9\/2018\/01\/31155906\/Sala-dActes-CTC.jpg 1200w\" width=\"1200\" height=\"585\"  alt=\"\"  \/>\n\t\t<div class=\"slider-post-caption\">\n\t\t\t<div class=\"slider-post-inner\">\n\t\t\t\t<h4>Sala-dActes-CTC<\/h4>\n\t\t\t<\/div>\n\t\t<\/div><\/li>\n\t<li>\n\t\t<img class=\"preload-me\" src=\"https:\/\/ajmasquefa-multimedia-wp.s3.eu-central-1.amazonaws.com\/wp-content\/uploads\/sites\/9\/2018\/01\/03111845\/Despatx-viver-dempreses.jpg\" srcset=\"https:\/\/ajmasquefa-multimedia-wp.s3.eu-central-1.amazonaws.com\/wp-content\/uploads\/sites\/9\/2018\/01\/03111845\/Despatx-viver-dempreses.jpg 770w\" width=\"770\" height=\"355\"  alt=\"\"  \/>\n\t\t<div class=\"slider-post-caption\">\n\t\t\t<div class=\"slider-post-inner\">\n\t\t\t\t<h4>Despatx-viver-dempreses<\/h4>\n\t\t\t<\/div>\n\t\t<\/div><\/li>\n\t<li>\n\t\t<img class=\"preload-me\" src=\"https:\/\/ajmasquefa-multimedia-wp.s3.eu-central-1.amazonaws.com\/wp-content\/uploads\/sites\/9\/2018\/01\/03111846\/Despatxos-viver-dempreses.jpg\" srcset=\"https:\/\/ajmasquefa-multimedia-wp.s3.eu-central-1.amazonaws.com\/wp-content\/uploads\/sites\/9\/2018\/01\/03111846\/Despatxos-viver-dempreses.jpg 770w\" width=\"770\" height=\"355\"  alt=\"\"  \/>\n\t\t<div class=\"slider-post-caption\">\n\t\t\t<div class=\"slider-post-inner\">\n\t\t\t\t<h4>Despatxos-viver-dempreses<\/h4>\n\t\t\t<\/div>\n\t\t<\/div><\/li><\/ul>[\/vc_column_inner][\/vc_row_inner][vc_empty_space][vc_column_text el_class=&#8221;extra-page-text&#8221;]El Viver d\u2019Empreses Masquef@ctiva \u00e9s un espai adre\u00e7at a acollir persones emprenedores, empreses de nova creaci\u00f3, aut\u00f2noms sense seu social i empreses del municipi que vulguin rebre assessorament t\u00e8cnic o disposar d\u2019espais. L\u2019objectiu \u00e9s afavorir el creixement i desenvolupament del teixit empresarial al municipi.<\/p>\n<p>El Viver d\u2019Empreses Masquef@ctiva forma part del Cens de Centres Locals de Serveis a les Empreses que elabora anualment el servei de Teixit Productiu de la Diputaci\u00f3 de Barcelona.[\/vc_column_text][\/vc_column][\/vc_row][vc_row type=&#8221;vc_default&#8221; full_width=&#8221;stretch_row&#8221; el_class=&#8221;acordio&#8221; css=&#8221;.vc_custom_1511541525516{background-color: #ffffff !important;}&#8221;][vc_column][vc_empty_space height=&#8221;100px&#8221; css=&#8221;.vc_custom_1511541904387{background-color: #ffffff !important;}&#8221;][vc_text_separator title=&#8221;Reportatges&#8221; color=&#8221;custom&#8221; accent_color=&#8221;#950862&#8243; el_class=&#8221;title-separator&#8221;][vc_row_inner][vc_column_inner width=&#8221;1\/3&#8243;][vc_single_image image=&#8221;1499&#8243; img_size=&#8221;full&#8221; alignment=&#8221;center&#8221; onclick=&#8221;custom_link&#8221; img_link_target=&#8221;_blank&#8221; css_animation=&#8221;bounce&#8221; link=&#8221;https:\/\/ctc.masquefa.net\/wp-content\/uploads\/2021\/01\/a3-atotarreu.pdf&#8221;][vc_column_text]<\/p>\n<p style=\"text-align: center;\"><a href=\"https:\/\/www.youtube.com\/watch?v=4Gm_BVeP2Uc\" target=\"_blank\" rel=\"noopener noreferrer\">V\u00eddeo entrevista<\/a><\/p>\n<p>[\/vc_column_text][\/vc_column_inner][vc_column_inner width=&#8221;1\/3&#8243;][vc_single_image image=&#8221;1497&#8243; img_size=&#8221;full&#8221; alignment=&#8221;center&#8221; onclick=&#8221;custom_link&#8221; img_link_target=&#8221;_blank&#8221; css_animation=&#8221;bounce&#8221; link=&#8221;https:\/\/ctc.masquefa.net\/wp-content\/uploads\/2021\/01\/a3-mireia-castells.pdf&#8221;][vc_column_text]<\/p>\n<p style=\"text-align: center;\"><a href=\"https:\/\/youtu.be\/PBq0OIKXkdk\" target=\"_blank\" rel=\"noopener noreferrer\">V\u00eddeo entrevista<\/a><\/p>\n<p>[\/vc_column_text][\/vc_column_inner][vc_column_inner width=&#8221;1\/3&#8243;][vc_single_image image=&#8221;1498&#8243; img_size=&#8221;214&#215;74&#8243; alignment=&#8221;center&#8221; onclick=&#8221;custom_link&#8221; img_link_target=&#8221;_blank&#8221; css_animation=&#8221;bounce&#8221; link=&#8221;https:\/\/ctc.masquefa.net\/wp-content\/uploads\/2021\/01\/a3-busquets-advisor.pdf&#8221;][vc_column_text]<\/p>\n<p style=\"text-align: center;\"><a href=\"https:\/\/youtu.be\/ykBdKvzT8As\" target=\"_blank\" rel=\"noopener noreferrer\">V\u00eddeo entrevista<\/a><\/p>\n<p>[\/vc_column_text][\/vc_column_inner][\/vc_row_inner][vc_row_inner][vc_column_inner width=&#8221;1\/3&#8243;][\/vc_column_inner][vc_column_inner width=&#8221;1\/3&#8243;][\/vc_column_inner][vc_column_inner width=&#8221;1\/3&#8243;][\/vc_column_inner][\/vc_row_inner][\/vc_column][\/vc_row][vc_row type=&#8221;vc_default&#8221; full_width=&#8221;stretch_row&#8221; el_class=&#8221;acordio&#8221; css=&#8221;.vc_custom_1511775035746{background-color: #ffffff !important;}&#8221;][vc_column][vc_empty_space height=&#8221;100px&#8221; css=&#8221;.vc_custom_1511541904387{background-color: #ffffff !important;}&#8221;][vc_text_separator title=&#8221;Documents d&#8217;Inter\u00e8s&#8221; color=&#8221;custom&#8221; accent_color=&#8221;#950862&#8243; el_class=&#8221;title-separator&#8221;][vc_row_inner][vc_column_inner width=&#8221;1\/4&#8243; offset=&#8221;vc_hidden-lg vc_hidden-md vc_hidden-sm vc_hidden-xs&#8221;][vc_single_image image=&#8221;1434&#8243; img_size=&#8221;&#8221; alignment=&#8221;center&#8221; onclick=&#8221;custom_link&#8221; img_link_target=&#8221;_blank&#8221; css_animation=&#8221;bounce&#8221; link=&#8221;https:\/\/ajmasquefa-multimedia-wp.s3.eu-central-1.amazonaws.com\/wp-content\/uploads\/sites\/9\/2020\/08\/28115452\/OFERTA-FORMATIVA-MINI-Masquefa-2020-Setembre-Desembre.pdf&#8221;][\/vc_column_inner][vc_column_inner width=&#8221;1\/4&#8243;][vc_single_image image=&#8221;659&#8243; img_size=&#8221;&#8221; alignment=&#8221;center&#8221; onclick=&#8221;custom_link&#8221; img_link_target=&#8221;_blank&#8221; css_animation=&#8221;bounce&#8221; link=&#8221;https:\/\/ajmasquefa-multimedia-wp.s3.eu-central-1.amazonaws.com\/wp-content\/uploads\/sites\/9\/2023\/02\/01110315\/viver_preus.pdf&#8221;][\/vc_column_inner][vc_column_inner width=&#8221;1\/4&#8243; offset=&#8221;vc_hidden-lg vc_hidden-md vc_hidden-sm vc_hidden-xs&#8221;][vc_single_image image=&#8221;1311&#8243; img_size=&#8221;full&#8221; alignment=&#8221;center&#8221; onclick=&#8221;custom_link&#8221; img_link_target=&#8221;_blank&#8221; css_animation=&#8221;bounce&#8221; link=&#8221;https:\/\/ajmasquefa-multimedia-wp.s3.eu-central-1.amazonaws.com\/wp-content\/uploads\/sites\/9\/2020\/01\/16190730\/OFERTA-FORMATIVA-Masquefa-2020-GenerFebrerMarc%CC%A7-MINI-Web.pdf&#8221;][\/vc_column_inner][vc_column_inner width=&#8221;1\/4&#8243;][\/vc_column_inner][\/vc_row_inner][\/vc_column][\/vc_row][vc_row type=&#8221;vc_default&#8221; full_width=&#8221;stretch_row&#8221; el_class=&#8221;acordio&#8221; css=&#8221;.vc_custom_1511541525516{background-color: #ffffff !important;}&#8221;][vc_column][vc_empty_space height=&#8221;100px&#8221; css=&#8221;.vc_custom_1511541904387{background-color: #ffffff !important;}&#8221;][vc_text_separator title=&#8221;Enlla\u00e7os d&#8217;Inter\u00e8s&#8221; color=&#8221;custom&#8221; accent_color=&#8221;#950862&#8243; el_class=&#8221;title-separator&#8221;][vc_row_inner][vc_column_inner width=&#8221;1\/4&#8243;][\/vc_column_inner][vc_column_inner width=&#8221;2\/4&#8243;][vc_single_image image=&#8221;267&#8243; img_size=&#8221;295&#215;73&#8243; alignment=&#8221;center&#8221; onclick=&#8221;custom_link&#8221; img_link_target=&#8221;_blank&#8221; css_animation=&#8221;bounce&#8221; link=&#8221;http:\/\/www.ctc.masquefa.net\/&#8221;][\/vc_column_inner][vc_column_inner width=&#8221;1\/4&#8243;][\/vc_column_inner][\/vc_row_inner][\/vc_column][\/vc_row]<\/p>\n<\/section>","protected":false},"excerpt":{"rendered":"<p>[vc_row margin_top=&#8221;32&#8243; el_class=&#8221;extra-page&#8221;][vc_column][vc_row_inner][vc_column_inner][\/vc_column_inner][\/vc_row_inner][vc_empty_space][vc_column_text el_class=&#8221;extra-page-text&#8221;]El Viver d\u2019Empreses Masquef@ctiva \u00e9s un espai adre\u00e7at a acollir persones emprenedores, empreses de nova creaci\u00f3, aut\u00f2noms sense seu social i empreses del municipi que vulguin rebre assessorament t\u00e8cnic o disposar d\u2019espais. L\u2019objectiu \u00e9s afavorir el creixement i desenvolupament del teixit empresarial al municipi. El Viver d\u2019Empreses Masquef@ctiva forma part del Cens&hellip;<\/p>\n","protected":false},"author":1,"featured_media":0,"parent":0,"menu_order":0,"comment_status":"closed","ping_status":"closed","template":"","meta":[],"_links":{"self":[{"href":"https:\/\/masquefa.cat\/promocio-economica\/wp-json\/wp\/v2\/pages\/216"}],"collection":[{"href":"https:\/\/masquefa.cat\/promocio-economica\/wp-json\/wp\/v2\/pages"}],"about":[{"href":"https:\/\/masquefa.cat\/promocio-economica\/wp-json\/wp\/v2\/types\/page"}],"author":[{"embeddable":true,"href":"https:\/\/masquefa.cat\/promocio-economica\/wp-json\/wp\/v2\/users\/1"}],"replies":[{"embeddable":true,"href":"https:\/\/masquefa.cat\/promocio-economica\/wp-json\/wp\/v2\/comments?post=216"}],"version-history":[{"count":60,"href":"https:\/\/masquefa.cat\/promocio-economica\/wp-json\/wp\/v2\/pages\/216\/revisions"}],"predecessor-version":[{"id":2245,"href":"https:\/\/masquefa.cat\/promocio-economica\/wp-json\/wp\/v2\/pages\/216\/revisions\/2245"}],"wp:attachment":[{"href":"https:\/\/masquefa.cat\/promocio-economica\/wp-json\/wp\/v2\/media?parent=216"}],"curies":[{"name":"wp","href":"https:\/\/api.w.org\/{rel}","templated":true}]}}

<section class="wpb-content-wrapper"><p>[vc_row margin_top=&#8221;32&#8243; el_class=&#8221;extra-page&#8221;][vc_column][vc_row_inner][vc_column_inner]
<ul class="slider-simple shortcode-photo-slider photoSlider" data-autoslide="4000" data-paused="false" style="width: 100%" data-img-mode="fill">
	<li>
		<img class="preload-me" src="https://ajmasquefa-multimedia-wp.s3.eu-central-1.amazonaws.com/wp-content/uploads/sites/9/2018/01/31155906/Sala-dActes-CTC.jpg" srcset="https://ajmasquefa-multimedia-wp.s3.eu-central-1.amazonaws.com/wp-content/uploads/sites/9/2018/01/31155906/Sala-dActes-CTC.jpg 1200w" width="1200" height="585"  alt=""  />
		<div class="slider-post-caption">
			<div class="slider-post-inner">
				<h4>Sala-dActes-CTC</h4>
			</div>
		</div></li>
	<li>
		<img class="preload-me" src="https://ajmasquefa-multimedia-wp.s3.eu-central-1.amazonaws.com/wp-content/uploads/sites/9/2018/01/03111845/Despatx-viver-dempreses.jpg" srcset="https://ajmasquefa-multimedia-wp.s3.eu-central-1.amazonaws.com/wp-content/uploads/sites/9/2018/01/03111845/Despatx-viver-dempreses.jpg 770w" width="770" height="355"  alt=""  />
		<div class="slider-post-caption">
			<div class="slider-post-inner">
				<h4>Despatx-viver-dempreses</h4>
			</div>
		</div></li>
	<li>
		<img class="preload-me" src="https://ajmasquefa-multimedia-wp.s3.eu-central-1.amazonaws.com/wp-content/uploads/sites/9/2018/01/03111846/Despatxos-viver-dempreses.jpg" srcset="https://ajmasquefa-multimedia-wp.s3.eu-central-1.amazonaws.com/wp-content/uploads/sites/9/2018/01/03111846/Despatxos-viver-dempreses.jpg 770w" width="770" height="355"  alt=""  />
		<div class="slider-post-caption">
			<div class="slider-post-inner">
				<h4>Despatxos-viver-dempreses</h4>
			</div>
		</div></li></ul>[/vc_column_inner][/vc_row_inner][vc_empty_space][vc_column_text el_class=&#8221;extra-page-text&#8221;]El Viver d’Empreses Masquef@ctiva és un espai adreçat a acollir persones emprenedores, empreses de nova creació, autònoms sense seu social i empreses del municipi que vulguin rebre assessorament tècnic o disposar d’espais. L’objectiu és afavorir el creixement i desenvolupament del teixit empresarial al municipi.</p>
<p>El Viver d’Empreses Masquef@ctiva forma part del Cens de Centres Locals de Serveis a les Empreses que elabora anualment el servei de Teixit Productiu de la Diputació de Barcelona.[/vc_column_text][/vc_column][/vc_row][vc_row type=&#8221;vc_default&#8221; full_width=&#8221;stretch_row&#8221; el_class=&#8221;acordio&#8221; css=&#8221;.vc_custom_1511541525516{background-color: #ffffff !important;}&#8221;][vc_column][vc_empty_space height=&#8221;100px&#8221; css=&#8221;.vc_custom_1511541904387{background-color: #ffffff !important;}&#8221;][vc_text_separator title=&#8221;Reportatges&#8221; color=&#8221;custom&#8221; accent_color=&#8221;#950862&#8243; el_class=&#8221;title-separator&#8221;][vc_row_inner][vc_column_inner width=&#8221;1/3&#8243;][vc_single_image image=&#8221;1499&#8243; img_size=&#8221;full&#8221; alignment=&#8221;center&#8221; onclick=&#8221;custom_link&#8221; img_link_target=&#8221;_blank&#8221; css_animation=&#8221;bounce&#8221; link=&#8221;https://ctc.masquefa.net/wp-content/uploads/2021/01/a3-atotarreu.pdf&#8221;][vc_column_text]</p>
<p style="text-align: center;"><a href="https://www.youtube.com/watch?v=4Gm_BVeP2Uc" target="_blank" rel="noopener noreferrer">Vídeo entrevista</a></p>
<p>[/vc_column_text][/vc_column_inner][vc_column_inner width=&#8221;1/3&#8243;][vc_single_image image=&#8221;1497&#8243; img_size=&#8221;full&#8221; alignment=&#8221;center&#8221; onclick=&#8221;custom_link&#8221; img_link_target=&#8221;_blank&#8221; css_animation=&#8221;bounce&#8221; link=&#8221;https://ctc.masquefa.net/wp-content/uploads/2021/01/a3-mireia-castells.pdf&#8221;][vc_column_text]</p>
<p style="text-align: center;"><a href="https://youtu.be/PBq0OIKXkdk" target="_blank" rel="noopener noreferrer">Vídeo entrevista</a></p>
<p>[/vc_column_text][/vc_column_inner][vc_column_inner width=&#8221;1/3&#8243;][vc_single_image image=&#8221;1498&#8243; img_size=&#8221;214&#215;74&#8243; alignment=&#8221;center&#8221; onclick=&#8221;custom_link&#8221; img_link_target=&#8221;_blank&#8221; css_animation=&#8221;bounce&#8221; link=&#8221;https://ctc.masquefa.net/wp-content/uploads/2021/01/a3-busquets-advisor.pdf&#8221;][vc_column_text]</p>
<p style="text-align: center;"><a href="https://youtu.be/ykBdKvzT8As" target="_blank" rel="noopener noreferrer">Vídeo entrevista</a></p>
<p>[/vc_column_text][/vc_column_inner][/vc_row_inner][vc_row_inner][vc_column_inner width=&#8221;1/3&#8243;][/vc_column_inner][vc_column_inner width=&#8221;1/3&#8243;][/vc_column_inner][vc_column_inner width=&#8221;1/3&#8243;][/vc_column_inner][/vc_row_inner][/vc_column][/vc_row][vc_row type=&#8221;vc_default&#8221; full_width=&#8221;stretch_row&#8221; el_class=&#8221;acordio&#8221; css=&#8221;.vc_custom_1511775035746{background-color: #ffffff !important;}&#8221;][vc_column][vc_empty_space height=&#8221;100px&#8221; css=&#8221;.vc_custom_1511541904387{background-color: #ffffff !important;}&#8221;][vc_text_separator title=&#8221;Documents d&#8217;Interès&#8221; color=&#8221;custom&#8221; accent_color=&#8221;#950862&#8243; el_class=&#8221;title-separator&#8221;][vc_row_inner][vc_column_inner width=&#8221;1/4&#8243; offset=&#8221;vc_hidden-lg vc_hidden-md vc_hidden-sm vc_hidden-xs&#8221;][vc_single_image image=&#8221;1434&#8243; img_size=&#8221;&#8221; alignment=&#8221;center&#8221; onclick=&#8221;custom_link&#8221; img_link_target=&#8221;_blank&#8221; css_animation=&#8221;bounce&#8221; link=&#8221;https://ajmasquefa-multimedia-wp.s3.eu-central-1.amazonaws.com/wp-content/uploads/sites/9/2020/08/28115452/OFERTA-FORMATIVA-MINI-Masquefa-2020-Setembre-Desembre.pdf&#8221;][/vc_column_inner][vc_column_inner width=&#8221;1/4&#8243;][vc_single_image image=&#8221;659&#8243; img_size=&#8221;&#8221; alignment=&#8221;center&#8221; onclick=&#8221;custom_link&#8221; img_link_target=&#8221;_blank&#8221; css_animation=&#8221;bounce&#8221; link=&#8221;https://ajmasquefa-multimedia-wp.s3.eu-central-1.amazonaws.com/wp-content/uploads/sites/9/2023/02/01110315/viver_preus.pdf&#8221;][/vc_column_inner][vc_column_inner width=&#8221;1/4&#8243; offset=&#8221;vc_hidden-lg vc_hidden-md vc_hidden-sm vc_hidden-xs&#8221;][vc_single_image image=&#8221;1311&#8243; img_size=&#8221;full&#8221; alignment=&#8221;center&#8221; onclick=&#8221;custom_link&#8221; img_link_target=&#8221;_blank&#8221; css_animation=&#8221;bounce&#8221; link=&#8221;https://ajmasquefa-multimedia-wp.s3.eu-central-1.amazonaws.com/wp-content/uploads/sites/9/2020/01/16190730/OFERTA-FORMATIVA-Masquefa-2020-GenerFebrerMarc%CC%A7-MINI-Web.pdf&#8221;][/vc_column_inner][vc_column_inner width=&#8221;1/4&#8243;][/vc_column_inner][/vc_row_inner][/vc_column][/vc_row][vc_row type=&#8221;vc_default&#8221; full_width=&#8221;stretch_row&#8221; el_class=&#8221;acordio&#8221; css=&#8221;.vc_custom_1511541525516{background-color: #ffffff !important;}&#8221;][vc_column][vc_empty_space height=&#8221;100px&#8221; css=&#8221;.vc_custom_1511541904387{background-color: #ffffff !important;}&#8221;][vc_text_separator title=&#8221;Enllaços d&#8217;Interès&#8221; color=&#8221;custom&#8221; accent_color=&#8221;#950862&#8243; el_class=&#8221;title-separator&#8221;][vc_row_inner][vc_column_inner width=&#8221;1/4&#8243;][/vc_column_inner][vc_column_inner width=&#8221;2/4&#8243;][vc_single_image image=&#8221;267&#8243; img_size=&#8221;295&#215;73&#8243; alignment=&#8221;center&#8221; onclick=&#8221;custom_link&#8221; img_link_target=&#8221;_blank&#8221; css_animation=&#8221;bounce&#8221; link=&#8221;http://www.ctc.masquefa.net/&#8221;][/vc_column_inner][vc_column_inner width=&#8221;1/4&#8243;][/vc_column_inner][/vc_row_inner][/vc_column][/vc_row]</p>
</section>

<p>[vc_row margin_top=&#8221;32&#8243; el_class=&#8221;extra-page&#8221;][vc_column][vc_row_inner][vc_column_inner][/vc_column_inner][/vc_row_inner][vc_empty_space][vc_column_text el_class=&#8221;extra-page-text&#8221;]El Viver d’Empreses Masquef@ctiva és un espai adreçat a acollir persones emprenedores, empreses de nova creació, autònoms sense seu social i empreses del municipi que vulguin rebre assessorament tècnic o disposar d’espais. L’objectiu és afavorir el creixement i desenvolupament del teixit empresarial al municipi. El Viver d’Empreses Masquef@ctiva forma part del Cens&hellip;</p>
