{"id":2209,"date":"2025-05-26T15:51:41","date_gmt":"2025-05-26T13:51:41","guid":{"rendered":"https:\/\/masquefa.cat\/promocio-economica\/?page_id=2209"},"modified":"2025-05-28T15:36:37","modified_gmt":"2025-05-28T13:36:37","slug":"grup-motor-de-promocio-del-territori-i-turisme-de-masquefa","status":"publish","type":"page","link":"https:\/\/masquefa.cat\/promocio-economica\/grup-motor-de-promocio-del-territori-i-turisme-de-masquefa\/","title":{"rendered":"Grup Motor de Promoci\u00f3 del Territori i Turisme de Masquefa"},"content":{"rendered":"<section class=\"wpb-content-wrapper\"><p>[vc_row][vc_column][vc_empty_space][\/vc_column][\/vc_row][vc_row][vc_column width=&#8221;1\/2&#8243;][vc_column_text]El Grup Motor de Turisme i Promoci\u00f3 del Territori de Masquefa \u00e9s un espai de participaci\u00f3 i col\u00b7laboraci\u00f3 p\u00fablic-privada format per persones, entitats, empreses i representants del consistori que comparteixen un mateix objectiu: impulsar el turisme sostenible i donar a con\u00e8ixer tot el potencial que ofereix Masquefa.[\/vc_column_text][\/vc_column][vc_column width=&#8221;1\/2&#8243;][vc_column_text]Aquest grup \u00e9s el cor de l\u2019estrat\u00e8gia tur\u00edstica local. Treballa per posar en valor el patrimoni cultural i natural del municipi, promoure l\u2019activitat econ\u00f2mica local i crear experi\u00e8ncies que convidin a descobrir Masquefa amb una mirada aut\u00e8ntica i propera.[\/vc_column_text][\/vc_column][\/vc_row][vc_row][vc_column][vc_single_image image=&#8221;2215&#8243; img_size=&#8221;630&#215;510&#8243; alignment=&#8221;center&#8221;][\/vc_column][\/vc_row][vc_row][vc_column][vc_column_text]<\/p>\n<h2>Qu\u00e8 fa el Grup Motor?<\/h2>\n<p>[\/vc_column_text]<div class=\"standard-arrow\"><ul>\n<li>Detecta i impulsa propostes tur\u00edstiques que reflecteixin la identitat i els valors del territori.<\/li>\n<li>Dona suport a iniciatives que fomenten un turisme respectu\u00f3s i de qualitat.<\/li>\n<li>Genera sinergies entre el m\u00f3n associatiu, empresarial i institucional.<\/li>\n<li>Promou activitats i projectes que dinamitzen el territori i atrauen visitants.<\/li>\n<li>Vetlla perqu\u00e8 el desenvolupament tur\u00edstic vagi acompanyat de beneficis per a la comunitat local.<\/li>\n<li>Es reuneix peri\u00f2dicament per fer seguiment dels projectes en marxa, compartir idees i definir noves l\u00ednies d\u2019actuaci\u00f3.<\/li>\n<\/ul>\n<\/div>[\/vc_column][\/vc_row][vc_row][vc_column width=&#8221;1\/2&#8243;][vc_single_image image=&#8221;2219&#8243; img_size=&#8221;515&#215;380&#8243;][\/vc_column][vc_column width=&#8221;1\/2&#8243;][vc_single_image image=&#8221;2220&#8243; img_size=&#8221;515&#215;380&#8243;][\/vc_column][\/vc_row]<\/p>\n<\/section>","protected":false},"excerpt":{"rendered":"<p>[vc_row][vc_column][vc_empty_space][\/vc_column][\/vc_row][vc_row][vc_column width=&#8221;1\/2&#8243;][vc_column_text]El Grup Motor de Turisme i Promoci\u00f3 del Territori de Masquefa \u00e9s un espai de participaci\u00f3 i col\u00b7laboraci\u00f3 p\u00fablic-privada format per persones, entitats, empreses i representants del consistori que comparteixen un mateix objectiu: impulsar el turisme sostenible i donar a con\u00e8ixer tot el potencial que ofereix Masquefa.[\/vc_column_text][\/vc_column][vc_column width=&#8221;1\/2&#8243;][vc_column_text]Aquest grup \u00e9s el cor de l\u2019estrat\u00e8gia&hellip;<\/p>\n","protected":false},"author":1,"featured_media":0,"parent":0,"menu_order":0,"comment_status":"closed","ping_status":"closed","template":"","meta":[],"_links":{"self":[{"href":"https:\/\/masquefa.cat\/promocio-economica\/wp-json\/wp\/v2\/pages\/2209"}],"collection":[{"href":"https:\/\/masquefa.cat\/promocio-economica\/wp-json\/wp\/v2\/pages"}],"about":[{"href":"https:\/\/masquefa.cat\/promocio-economica\/wp-json\/wp\/v2\/types\/page"}],"author":[{"embeddable":true,"href":"https:\/\/masquefa.cat\/promocio-economica\/wp-json\/wp\/v2\/users\/1"}],"replies":[{"embeddable":true,"href":"https:\/\/masquefa.cat\/promocio-economica\/wp-json\/wp\/v2\/comments?post=2209"}],"version-history":[{"count":21,"href":"https:\/\/masquefa.cat\/promocio-economica\/wp-json\/wp\/v2\/pages\/2209\/revisions"}],"predecessor-version":[{"id":2236,"href":"https:\/\/masquefa.cat\/promocio-economica\/wp-json\/wp\/v2\/pages\/2209\/revisions\/2236"}],"wp:attachment":[{"href":"https:\/\/masquefa.cat\/promocio-economica\/wp-json\/wp\/v2\/media?parent=2209"}],"curies":[{"name":"wp","href":"https:\/\/api.w.org\/{rel}","templated":true}]}}