{"id":1546,"date":"2022-01-26T11:54:10","date_gmt":"2022-01-26T10:54:10","guid":{"rendered":"http:\/\/masquefa.cat\/serveis-territorials\/?page_id=1546"},"modified":"2023-02-01T12:07:56","modified_gmt":"2023-02-01T11:07:56","slug":"agendaurbana2030","status":"publish","type":"page","link":"https:\/\/masquefa.cat\/serveis-territorials\/agendaurbana2030\/","title":{"rendered":"Agenda Urbana 2030"},"content":{"rendered":"<section class=\"wpb-content-wrapper\"><p>[vc_row margin_top=&#8221;32&#8243; el_class=&#8221;extra-page&#8221;][vc_column][vc_empty_space][vc_column_text el_class=&#8221;extra-page-text&#8221;]Adaptar i desplegar la nova Agenda Urbana en l&#8217;\u00e0mbit local representa una oportunitat per assolir ciutats i pobles m\u00e9s sostenibles i inclusius, generant amb aix\u00f2 entorns de qualitat, saludables, segurs i resilients. Per\u00f2 per a aix\u00f2 \u00e9s necessari incorporar noves metodologies de planificaci\u00f3 urbana integral; metodologies que permetin transformar els principis i eixos tem\u00e0tics de les Agendes Urbanes en Plans d&#8217;Acci\u00f3 concrets i viables, a trav\u00e9s dels quals es defineixin les prioritats i els objectius de futur de cada municipi.<\/p>\n<p>Aquesta q\u00fcesti\u00f3 resulta d&#8217;enorme import\u00e0ncia en el cas dels grans nuclis urbans, per\u00f2 tamb\u00e9 de les petites i mitjanes ciutats. Sovint aquestes pateixen tant alguns dels problemes de les grans ciutats com altres propis de la seva grand\u00e0ria -com l&#8217;escassetat de recursos econ\u00f2mics i humans- o de la seva posici\u00f3 -com els vinculats als reptes demogr\u00e0fics, ja sigui pels riscos de despoblament o per la pressi\u00f3 que les grans ciutats exerceixen sobre els nuclis de menor grand\u00e0ria.<\/p>\n<p>El Pla d&#8217;Acci\u00f3 Local de l\u2019Agenda urbana ser\u00e0 el document a trav\u00e9s del qual Masquefa materialitzar\u00e0 els principis i objectius generals de la nova Agenda Urbana en pol\u00edtiques i accions transformadores concretes. Sens dubte, aquest \u00e9s un repte, ja que representa un canvi en la manera d&#8217;actuar en els territoris. En primer lloc, perqu\u00e8 seran els objectius i metes, que trobarem a continuaci\u00f3, que determinaran el rumb de les accions i prioritats en mat\u00e8ria urbana, i no a l&#8217;inrev\u00e9s. I en segon lloc, i relacionat amb aix\u00f2, perqu\u00e8 l&#8217;elaboraci\u00f3 i implementaci\u00f3 d&#8217;un Pla d&#8217;Acci\u00f3 Local requerir\u00e0 esfor\u00e7os coordinats, i amb aix\u00f2 una renovaci\u00f3 de les din\u00e0miques internes de treball en qu\u00e8 treballen conjuntament les diferents \u00e0rees i departaments de l\u2019Ajuntament de Masquefa[\/vc_column_text][\/vc_column][\/vc_row][vc_row bwd_tbc4vd_show_weekday=&#8221;&#8221; type=&#8221;vc_default&#8221; full_width=&#8221;stretch_row&#8221; el_class=&#8221;acordio&#8221;][vc_column bwd_tbc4vd_show_weekday=&#8221;&#8221;][vc_empty_space height=&#8221;50px&#8221;][\/vc_column][\/vc_row][vc_row bwd_tbc4vd_show_weekday=&#8221;&#8221; type=&#8221;vc_default&#8221; full_width=&#8221;stretch_row&#8221; disable_element=&#8221;yes&#8221; el_class=&#8221;acordio&#8221;][vc_column bwd_tbc4vd_show_weekday=&#8221;&#8221;][vc_text_separator title=&#8221;Destacats&#8221; color=&#8221;custom&#8221; accent_color=&#8221;#950862&#8243; el_class=&#8221;title-separator&#8221;][vc_row_inner bwd_tbc4vd_show_weekday=&#8221;&#8221;][vc_column_inner width=&#8221;1\/4&#8243;][\/vc_column_inner][vc_column_inner width=&#8221;1\/4&#8243; offset=&#8221;vc_hidden-lg vc_hidden-md vc_hidden-sm vc_hidden-xs&#8221;][vc_single_image image=&#8221;1465&#8243; img_size=&#8221;full&#8221; alignment=&#8221;center&#8221; onclick=&#8221;custom_link&#8221; img_link_target=&#8221;_blank&#8221; css_animation=&#8221;bounce&#8221; link=&#8221;https:\/\/masquefa.cat\/noticies\/viu-el-nadal-amb-el-comerc-de-masquefa\/&#8221;][\/vc_column_inner][vc_column_inner width=&#8221;1\/4&#8243; offset=&#8221;vc_hidden-lg vc_hidden-md vc_hidden-sm vc_hidden-xs&#8221;][vc_single_image image=&#8221;1453&#8243; img_size=&#8221;full&#8221; alignment=&#8221;center&#8221; onclick=&#8221;custom_link&#8221; img_link_target=&#8221;_blank&#8221; css_animation=&#8221;bounce&#8221; link=&#8221;https:\/\/masquefa.cat\/tic\/formulari-inscripcio-aparadors-de-nadal\/&#8221;][\/vc_column_inner][vc_column_inner width=&#8221;1\/4&#8243; offset=&#8221;vc_hidden-lg vc_hidden-md vc_hidden-sm vc_hidden-xs&#8221;][vc_single_image image=&#8221;791&#8243; img_size=&#8221;295&#215;73&#8243; alignment=&#8221;center&#8221; onclick=&#8221;custom_link&#8221; img_link_target=&#8221;_blank&#8221; css_animation=&#8221;bounce&#8221; link=&#8221;http:\/\/s3-eu-central-1.amazonaws.com\/ajmasquefa-multimedia-wp\/wp-content\/uploads\/sites\/9\/2018\/03\/15173642\/cataleg_web_8_octubre8201.pdf&#8221;][\/vc_column_inner][\/vc_row_inner][\/vc_column][\/vc_row][vc_row bwd_tbc4vd_show_weekday=&#8221;&#8221; type=&#8221;vc_default&#8221; full_width=&#8221;stretch_row&#8221; el_class=&#8221;acordio acordioIMG&#8221;][vc_column bwd_tbc4vd_show_weekday=&#8221;&#8221; width=&#8221;1\/3&#8243; offset=&#8221;vc_hidden-lg vc_hidden-md vc_hidden-sm vc_hidden-xs&#8221;][vc_single_image image=&#8221;347&#8243; img_size=&#8221;full&#8221;][vc_accordion active_tab=&#8221;&#8221; collapsible=&#8221;yes&#8221; style=&#8221;3&#8243; el_class=&#8221;acordio-fosc&#8221;][vc_accordion_tab title=&#8221;Diada de Sant Jordi&#8221;][vc_column_text]<\/p>\n<p>I am text block. Click edit button to change this text. Lorem ipsum dolor sit amet, consectetur adipiscing elit. Ut elit tellus, luctus nec ullamcorper mattis, pulvinar dapibus leo.<\/p>\n<p>[\/vc_column_text][\/vc_accordion_tab][\/vc_accordion][\/vc_column][vc_column bwd_tbc4vd_show_weekday=&#8221;&#8221; width=&#8221;1\/3&#8243; offset=&#8221;vc_hidden-lg vc_hidden-md vc_hidden-sm vc_hidden-xs&#8221;][vc_single_image image=&#8221;773&#8243; img_size=&#8221;full&#8221;][vc_accordion active_tab=&#8221;&#8221; collapsible=&#8221;yes&#8221; style=&#8221;3&#8243; el_class=&#8221;acordio-fosc&#8221;][vc_accordion_tab title=&#8221;Concurs per Carnaval&#8221;][vc_column_text]<\/p>\n<p>I am text block. Click edit button to change this text. Lorem ipsum dolor sit amet, consectetur adipiscing elit. Ut elit tellus, luctus nec ullamcorper mattis, pulvinar dapibus leo.<\/p>\n<p>[\/vc_column_text][\/vc_accordion_tab][\/vc_accordion][\/vc_column][vc_column width=&#8221;1\/3&#8243;][\/vc_column][\/vc_row][vc_row type=&#8221;vc_default&#8221; full_width=&#8221;stretch_row&#8221; el_class=&#8221;acordio&#8221; css=&#8221;.vc_custom_1511541525516{background-color: #ffffff !important;}&#8221;][vc_column][vc_text_separator title=&#8221;Documents d&#8217;Inter\u00e8s&#8221; color=&#8221;custom&#8221; accent_color=&#8221;#950862&#8243; el_class=&#8221;title-separator&#8221;][vc_row_inner][vc_column_inner bwd_tbc4vd_show_weekday=&#8221;&#8221; width=&#8221;1\/3&#8243;][vc_single_image image=&#8221;1554&#8243; img_size=&#8221;295&#215;73&#8243; alignment=&#8221;center&#8221; onclick=&#8221;custom_link&#8221; img_link_target=&#8221;_blank&#8221; css_animation=&#8221;bounce&#8221; link=&#8221;https:\/\/ajmasquefa-multimedia-wp.s3.eu-central-1.amazonaws.com\/wp-content\/uploads\/sites\/5\/2022\/01\/26120714\/211209_Presentaci%C3%B3-S%C3%ADntesi-WEB.pdf&#8221;][\/vc_column_inner][vc_column_inner bwd_tbc4vd_show_weekday=&#8221;&#8221; width=&#8221;1\/3&#8243;][vc_single_image image=&#8221;1729&#8243; img_size=&#8221;295&#215;73&#8243; alignment=&#8221;center&#8221; onclick=&#8221;custom_link&#8221; img_link_target=&#8221;_blank&#8221; css_animation=&#8221;bounce&#8221; link=&#8221;https:\/\/ajmasquefa-multimedia-wp.s3.eu-central-1.amazonaws.com\/wp-content\/uploads\/sites\/5\/2023\/01\/13123247\/Agenda-Urbana-de-Masquefa_Entrega-Fase-4_REV02.pdf&#8221;][\/vc_column_inner][vc_column_inner bwd_tbc4vd_show_weekday=&#8221;&#8221; width=&#8221;1\/3&#8243;][\/vc_column_inner][\/vc_row_inner][\/vc_column][\/vc_row][vc_row type=&#8221;vc_default&#8221; full_width=&#8221;stretch_row&#8221; el_class=&#8221;acordio&#8221; css=&#8221;.vc_custom_1511541525516{background-color: #ffffff !important;}&#8221;][vc_column][vc_text_separator title=&#8221;Enlla\u00e7os d&#8217;Inter\u00e8s&#8221; color=&#8221;custom&#8221; accent_color=&#8221;#950862&#8243; el_class=&#8221;title-separator&#8221;][vc_row_inner][vc_column_inner bwd_tbc4vd_show_weekday=&#8221;&#8221; width=&#8221;1\/3&#8243;][vc_single_image image=&#8221;1597&#8243; img_size=&#8221;full&#8221; alignment=&#8221;center&#8221; onclick=&#8221;custom_link&#8221; img_link_target=&#8221;_blank&#8221; css_animation=&#8221;bounceInLeft&#8221; link=&#8221;https:\/\/www.hacienda.gob.es\/es-ES\/CDI\/Paginas\/FondosEuropeos\/Fondos-relacionados-COVID\/MRR.aspx&#8221;][\/vc_column_inner][vc_column_inner bwd_tbc4vd_show_weekday=&#8221;&#8221; width=&#8221;1\/3&#8243;][vc_single_image image=&#8221;1710&#8243; img_size=&#8221;full&#8221; alignment=&#8221;center&#8221; onclick=&#8221;custom_link&#8221; img_link_target=&#8221;_blank&#8221; css_animation=&#8221;bounce&#8221; link=&#8221;https:\/\/www.youtube.com\/watch?v=w-CXSgFPYic&#8221;][\/vc_column_inner][vc_column_inner width=&#8221;1\/3&#8243;][vc_single_image image=&#8221;1714&#8243; img_size=&#8221;full&#8221; alignment=&#8221;center&#8221; onclick=&#8221;custom_link&#8221; img_link_target=&#8221;_blank&#8221; css_animation=&#8221;bounce&#8221; link=&#8221;https:\/\/www.youtube.com\/watch?v=T4NBXWcDwE4&#8243;][\/vc_column_inner][\/vc_row_inner][\/vc_column][\/vc_row][vc_row type=&#8221;vc_default&#8221; full_width=&#8221;stretch_row&#8221; el_class=&#8221;acordio&#8221; css=&#8221;.vc_custom_1511541525516{background-color: #ffffff !important;}&#8221;][vc_column][vc_text_separator title=&#8221;Not\u00edcies&#8221; color=&#8221;custom&#8221; accent_color=&#8221;#950862&#8243; el_class=&#8221;title-separator&#8221;][vc_row_inner][vc_column_inner bwd_tbc4vd_show_weekday=&#8221;&#8221; width=&#8221;1\/3&#8243;][vc_single_image image=&#8221;1677&#8243; img_size=&#8221;full&#8221; alignment=&#8221;center&#8221; onclick=&#8221;custom_link&#8221; img_link_target=&#8221;_blank&#8221; css_animation=&#8221;bounceInLeft&#8221; link=&#8221;https:\/\/masquefa.cat\/noticies\/masquefa-es-projecta-cap-a-la-sostenibilitat-amb-el-disseny-de-lagenda-urbana-local\/&#8221;][\/vc_column_inner][vc_column_inner bwd_tbc4vd_show_weekday=&#8221;&#8221; width=&#8221;1\/3&#8243;][vc_single_image image=&#8221;1673&#8243; img_size=&#8221;full&#8221; alignment=&#8221;center&#8221; onclick=&#8221;custom_link&#8221; img_link_target=&#8221;_blank&#8221; css_animation=&#8221;bounceInLeft&#8221; link=&#8221;https:\/\/masquefa.cat\/noticies\/masquefa-presenta-la-seva-agenda-urbana-local\/&#8221;][\/vc_column_inner][vc_column_inner width=&#8221;1\/3&#8243;][vc_single_image image=&#8221;1675&#8243; img_size=&#8221;full&#8221; alignment=&#8221;center&#8221; onclick=&#8221;custom_link&#8221; img_link_target=&#8221;_blank&#8221; css_animation=&#8221;bounceInLeft&#8221; link=&#8221;https:\/\/masquefa.cat\/noticies\/masquefa-presenta-lestat-dels-treballs-de-redaccio-de-la-seva-agenda-urbana-local\/&#8221;][\/vc_column_inner][\/vc_row_inner][vc_row_inner][vc_column_inner bwd_tbc4vd_show_weekday=&#8221;&#8221; width=&#8221;1\/3&#8243;][vc_single_image image=&#8221;1671&#8243; img_size=&#8221;full&#8221; alignment=&#8221;center&#8221; onclick=&#8221;custom_link&#8221; img_link_target=&#8221;_blank&#8221; css_animation=&#8221;bounceInLeft&#8221; link=&#8221;https:\/\/masquefa.cat\/noticies\/visita-la-installacio-de-lagenda-2030-al-ctc-de-masquefa\/&#8221;][\/vc_column_inner][vc_column_inner bwd_tbc4vd_show_weekday=&#8221;&#8221; width=&#8221;1\/3&#8243;][vc_single_image image=&#8221;1696&#8243; img_size=&#8221;full&#8221; alignment=&#8221;center&#8221; onclick=&#8221;custom_link&#8221; img_link_target=&#8221;_blank&#8221; css_animation=&#8221;bounceInLeft&#8221; link=&#8221;https:\/\/masquefa.cat\/noticies\/lagenda-urbana-de-masquefa-es-dissenya-amb-participacio-ciutadana\/&#8221;][\/vc_column_inner][vc_column_inner width=&#8221;1\/3&#8243;][\/vc_column_inner][\/vc_row_inner][\/vc_column][\/vc_row][vc_row bwd_tbc4vd_show_weekday=&#8221;&#8221; margin_top=&#8221;100px&#8221;][vc_column width=&#8221;1\/3&#8243;][\/vc_column][vc_column width=&#8221;1\/3&#8243;][vc_row_inner][vc_column_inner][\/vc_column_inner][\/vc_row_inner][vc_row_inner][vc_column_inner width=&#8221;1\/2&#8243;][vc_single_image image=&#8221;1603&#8243; img_size=&#8221;full&#8221; alignment=&#8221;center&#8221; onclick=&#8221;custom_link&#8221; img_link_target=&#8221;_blank&#8221; css=&#8221;.vc_custom_1645095129082{margin-top: 10px !important;}&#8221; link=&#8221;https:\/\/ec.europa.eu\/info\/strategy\/recovery-plan-europe_es&#8221;][\/vc_column_inner][vc_column_inner width=&#8221;1\/2&#8243;][vc_single_image image=&#8221;1592&#8243; img_size=&#8221;full&#8221; alignment=&#8221;center&#8221; onclick=&#8221;custom_link&#8221; img_link_target=&#8221;_blank&#8221; link=&#8221;https:\/\/planderecuperacion.gob.es\/&#8221;][\/vc_column_inner][\/vc_row_inner][\/vc_column][vc_column width=&#8221;1\/3&#8243;][\/vc_column][\/vc_row]<\/p>\n<\/section>","protected":false},"excerpt":{"rendered":"<p>[vc_row margin_top=&#8221;32&#8243; el_class=&#8221;extra-page&#8221;][vc_column][vc_empty_space][vc_column_text el_class=&#8221;extra-page-text&#8221;]Adaptar i desplegar la nova Agenda Urbana en l&#8217;\u00e0mbit local representa una oportunitat per assolir ciutats i pobles m\u00e9s sostenibles i inclusius, generant amb aix\u00f2 entorns de qualitat, saludables, segurs i resilients. Per\u00f2 per a aix\u00f2 \u00e9s necessari incorporar noves metodologies de planificaci\u00f3 urbana integral; metodologies que permetin transformar els principis i&hellip;<\/p>\n","protected":false},"author":1,"featured_media":0,"parent":0,"menu_order":0,"comment_status":"closed","ping_status":"closed","template":"","meta":[],"_links":{"self":[{"href":"https:\/\/masquefa.cat\/serveis-territorials\/wp-json\/wp\/v2\/pages\/1546"}],"collection":[{"href":"https:\/\/masquefa.cat\/serveis-territorials\/wp-json\/wp\/v2\/pages"}],"about":[{"href":"https:\/\/masquefa.cat\/serveis-territorials\/wp-json\/wp\/v2\/types\/page"}],"author":[{"embeddable":true,"href":"https:\/\/masquefa.cat\/serveis-territorials\/wp-json\/wp\/v2\/users\/1"}],"replies":[{"embeddable":true,"href":"https:\/\/masquefa.cat\/serveis-territorials\/wp-json\/wp\/v2\/comments?post=1546"}],"version-history":[{"count":60,"href":"https:\/\/masquefa.cat\/serveis-territorials\/wp-json\/wp\/v2\/pages\/1546\/revisions"}],"predecessor-version":[{"id":1731,"href":"https:\/\/masquefa.cat\/serveis-territorials\/wp-json\/wp\/v2\/pages\/1546\/revisions\/1731"}],"wp:attachment":[{"href":"https:\/\/masquefa.cat\/serveis-territorials\/wp-json\/wp\/v2\/media?parent=1546"}],"curies":[{"name":"wp","href":"https:\/\/api.w.org\/{rel}","templated":true}]}}