{"id":2273,"date":"2025-09-04T12:25:27","date_gmt":"2025-09-04T10:25:27","guid":{"rendered":"https:\/\/masquefa.cat\/tic\/?post_type=product&#038;p=2273"},"modified":"2025-09-19T12:54:16","modified_gmt":"2025-09-19T10:54:16","slug":"administracio-electronica-apren-a-fer-tramits-en-linia-31-octubre","status":"publish","type":"product","link":"https:\/\/masquefa.cat\/tic\/formacio\/administracio-electronica-apren-a-fer-tramits-en-linia-31-octubre\/","title":{"rendered":"Administraci\u00f3 electr\u00f2nica: Apr\u00e8n a fer tr\u00e0mits en l\u00ednia (31 octubre)"},"content":{"rendered":"","protected":false},"excerpt":{"rendered":"","protected":false},"featured_media":2281,"template":"","meta":[],"product_cat":[22],"product_tag":[36],"acf":[],"_links":{"self":[{"href":"https:\/\/masquefa.cat\/tic\/wp-json\/wp\/v2\/product\/2273"}],"collection":[{"href":"https:\/\/masquefa.cat\/tic\/wp-json\/wp\/v2\/product"}],"about":[{"href":"https:\/\/masquefa.cat\/tic\/wp-json\/wp\/v2\/types\/product"}],"wp:featuredmedia":[{"embeddable":true,"href":"https:\/\/masquefa.cat\/tic\/wp-json\/wp\/v2\/media\/2281"}],"wp:attachment":[{"href":"https:\/\/masquefa.cat\/tic\/wp-json\/wp\/v2\/media?parent=2273"}],"wp:term":[{"taxonomy":"product_cat","embeddable":true,"href":"https:\/\/masquefa.cat\/tic\/wp-json\/wp\/v2\/product_cat?post=2273"},{"taxonomy":"product_tag","embeddable":true,"href":"https:\/\/masquefa.cat\/tic\/wp-json\/wp\/v2\/product_tag?post=2273"}],"curies":[{"name":"wp","href":"https:\/\/api.w.org\/{rel}","templated":true}]}}